Last updated on 2025-10-24 11:50:55 CEST.
| Flavor | Version | Tinstall | Tcheck | Ttotal | Status | Flags |
|---|---|---|---|---|---|---|
| r-devel-linux-x86_64-debian-clang | 0.1.1 | 2.13 | 41.75 | 43.88 | OK | |
| r-devel-linux-x86_64-debian-gcc | 0.1.1 | 1.79 | 32.72 | 34.51 | OK | |
| r-devel-linux-x86_64-fedora-clang | 0.1.1 | 15.00 | 52.87 | 67.87 | NOTE | |
| r-devel-linux-x86_64-fedora-gcc | 0.1.1 | 79.51 | NOTE | |||
| r-devel-windows-x86_64 | 0.1.1 | 4.00 | 361.00 | 365.00 | OK | |
| r-patched-linux-x86_64 | 0.1.1 | 2.15 | 39.13 | 41.28 | OK | |
| r-release-linux-x86_64 | 0.1.1 | 2.19 | 39.52 | 41.71 | OK | |
| r-release-macos-arm64 | 0.1.1 | 1.00 | 218.00 | 219.00 | OK | |
| r-release-macos-x86_64 | 0.1.1 | 2.00 | 393.00 | 395.00 | OK | |
| r-release-windows-x86_64 | 0.1.1 | 3.00 | 351.00 | 354.00 | OK | |
| r-oldrel-macos-arm64 | 0.1.1 | 1.00 | 210.00 | 211.00 | OK | |
| r-oldrel-macos-x86_64 | 0.1.1 | 2.00 | 330.00 | 332.00 | OK | |
| r-oldrel-windows-x86_64 | 0.1.1 | 5.00 | 457.00 | 462.00 | OK |
Version: 0.1.1
Check: dependencies in R code
Result: NOTE
Namespaces in Imports field not imported from:
‘asd’ ‘cubature’ ‘data.table’ ‘ggplot2’ ‘multxpert’ ‘survival’
All declared Imports should be used.
Flavors: r-devel-linux-x86_64-fedora-clang, r-devel-linux-x86_64-fedora-gcc