Last updated on 2025-10-21 23:51:06 CEST.
Flavor | Version | Tinstall | Tcheck | Ttotal | Status | Flags |
---|---|---|---|---|---|---|
r-devel-linux-x86_64-debian-clang | 1.5.5 | 41.53 | 272.15 | 313.68 | NOTE | |
r-devel-linux-x86_64-debian-gcc | 1.5.5 | 25.08 | 162.03 | 187.11 | NOTE | |
r-devel-linux-x86_64-fedora-clang | 1.5.5 | 177.00 | 340.04 | 517.04 | OK | |
r-devel-linux-x86_64-fedora-gcc | 1.5.5 | 85.00 | 397.44 | 482.44 | OK | |
r-devel-windows-x86_64 | 1.5.5 | 38.00 | 208.00 | 246.00 | OK | |
r-patched-linux-x86_64 | 1.5.5 | 36.79 | 255.92 | 292.71 | OK | |
r-release-linux-x86_64 | 1.5.5 | 40.32 | 257.49 | 297.81 | OK | |
r-release-macos-arm64 | 1.5.5 | 16.00 | 92.00 | 108.00 | OK | |
r-release-macos-x86_64 | 1.5.5 | 35.00 | 208.00 | 243.00 | OK | |
r-release-windows-x86_64 | 1.5.5 | 39.00 | 212.00 | 251.00 | OK | |
r-oldrel-macos-arm64 | 1.5.5 | 14.00 | 84.00 | 98.00 | OK | |
r-oldrel-macos-x86_64 | 1.5.5 | 23.00 | 143.00 | 166.00 | OK | |
r-oldrel-windows-x86_64 | 1.5.5 | 53.00 | 301.00 | 354.00 | OK |
Version: 1.5.5
Check: HTML version of manual
Result: NOTE
Found the following HTML validation problems:
Bass_ind_skeleton.html:46:1 (Bass_ind_skeleton.Rd:10): Warning: missing </ul> before </div>
Bass_pop_skeleton.html:46:1 (Bass_pop_skeleton.Rd:10): Warning: missing </ul> before </div>
Bass_spatial_skeleton.html:46:1 (Bass_spatial_skeleton.Rd:10): Warning: missing </ul> before </div>
Bream_ind_skeleton.html:46:1 (Bream_ind_skeleton.Rd:10): Warning: missing </ul> before </div>
Bream_pop_skeleton.html:46:1 (Bream_pop_skeleton.Rd:10): Warning: missing </ul> before </div>
Bream_spatial_skeleton.html:46:1 (Bream_spatial_skeleton.Rd:10): Warning: missing </ul> before </div>
ClamF_ind_skeleton.html:46:1 (ClamF_ind_skeleton.Rd:10): Warning: missing </ul> before </div>
ClamF_pop_skeleton.html:46:1 (ClamF_pop_skeleton.Rd:10): Warning: missing </ul> before </div>
Clam_ind_skeleton.html:46:1 (Clam_ind_skeleton.Rd:10): Warning: missing </ul> before </div>
Clam_pop_skeleton.html:46:1 (Clam_pop_skeleton.Rd:10): Warning: missing </ul> before </div>
Mussel_ind_skeleton.html:46:1 (Mussel_ind_skeleton.Rd:10): Warning: missing </ul> before </div>
Mussel_pop_skeleton.html:46:1 (Mussel_pop_skeleton.Rd:10): Warning: missing </ul> before </div>
Mussel_spatial_skeleton.html:46:1 (Mussel_spatial_skeleton.Rd:10): Warning: missing </ul> before </div>
Flavors: r-devel-linux-x86_64-debian-clang, r-devel-linux-x86_64-debian-gcc