Last updated on 2025-10-21 17:49:59 CEST.
Flavor | Version | Tinstall | Tcheck | Ttotal | Status | Flags |
---|---|---|---|---|---|---|
r-devel-linux-x86_64-debian-clang | 1.8-2 | 171.65 | 226.30 | 397.95 | NOTE | |
r-devel-linux-x86_64-debian-gcc | 1.8-2 | 158.87 | 169.82 | 328.69 | NOTE | |
r-devel-linux-x86_64-fedora-clang | 1.8-2 | 462.00 | 162.70 | 624.70 | OK | |
r-devel-linux-x86_64-fedora-gcc | 1.8-2 | 320.00 | 372.30 | 692.30 | OK | |
r-devel-windows-x86_64 | 1.8-2 | 177.00 | 262.00 | 439.00 | OK | |
r-patched-linux-x86_64 | 1.8-2 | 203.46 | 229.90 | 433.36 | OK | |
r-release-linux-x86_64 | 1.8-2 | 198.44 | 229.45 | 427.89 | OK | |
r-release-macos-arm64 | 1.8-2 | 80.00 | 75.00 | 155.00 | OK | |
r-release-macos-x86_64 | 1.8-2 | 173.00 | 204.00 | 377.00 | OK | |
r-release-windows-x86_64 | 1.8-2 | 184.00 | 246.00 | 430.00 | OK | |
r-oldrel-macos-arm64 | 1.8-2 | 85.00 | 88.00 | 173.00 | NOTE | |
r-oldrel-macos-x86_64 | 1.8-2 | 172.00 | 182.00 | 354.00 | NOTE | |
r-oldrel-windows-x86_64 | 1.8-2 | 211.00 | 347.00 | 558.00 | NOTE |
Version: 1.8-2
Check: HTML version of manual
Result: NOTE
Found the following HTML validation problems:
dlink-set.html:53:1 (dlink-set.Rd:15): Warning: missing </ul> before </div>
fill.html:51:1 (fill.Rd:12): Warning: missing </ul> before </div>
integrate_density_log.html:72:1 (integrate_density_log.Rd:27): Warning: missing </ul> before </div>
knn.html:70:1 (knn.Rd:22): Warning: missing </ul> before </div>
support.html:46:1 (support.Rd:10): Warning: missing </ul> before </div>
Flavors: r-devel-linux-x86_64-debian-clang, r-devel-linux-x86_64-debian-gcc
Version: 1.8-2
Check: installed package size
Result: NOTE
installed size is 65.2Mb
sub-directories of 1Mb or more:
libs 63.9Mb
Flavors: r-oldrel-macos-arm64, r-oldrel-macos-x86_64
Version: 1.8-2
Check: for GNU extensions in Makefiles
Result: NOTE
GNU make is a SystemRequirements.
Flavors: r-oldrel-macos-arm64, r-oldrel-macos-x86_64, r-oldrel-windows-x86_64