Last updated on 2025-10-21 23:51:06 CEST.
Flavor | Version | Tinstall | Tcheck | Ttotal | Status | Flags |
---|---|---|---|---|---|---|
r-devel-linux-x86_64-debian-clang | 0.9-10 | 26.53 | 196.25 | 222.78 | NOTE | |
r-devel-linux-x86_64-debian-gcc | 0.9-10 | 17.20 | 127.22 | 144.42 | NOTE | |
r-devel-linux-x86_64-fedora-clang | 0.9-10 | 171.00 | 190.44 | 361.44 | OK | |
r-devel-linux-x86_64-fedora-gcc | 0.9-10 | 59.00 | 260.62 | 319.62 | OK | |
r-devel-windows-x86_64 | 0.9-10 | 34.00 | 193.00 | 227.00 | OK | |
r-patched-linux-x86_64 | 0.9-10 | 26.34 | 181.08 | 207.42 | OK | |
r-release-linux-x86_64 | 0.9-10 | 23.77 | 180.64 | 204.41 | OK | |
r-release-macos-arm64 | 0.9-10 | 10.00 | 59.00 | 69.00 | OK | |
r-release-macos-x86_64 | 0.9-10 | 20.00 | 118.00 | 138.00 | OK | |
r-release-windows-x86_64 | 0.9-10 | 36.00 | 195.00 | 231.00 | OK | |
r-oldrel-macos-arm64 | 0.9-10 | 13.00 | 70.00 | 83.00 | OK | |
r-oldrel-macos-x86_64 | 0.9-10 | 32.00 | 209.00 | 241.00 | OK | |
r-oldrel-windows-x86_64 | 0.9-10 | 44.00 | 250.00 | 294.00 | OK |
Version: 0.9-10
Check: HTML version of manual
Result: NOTE
Found the following HTML validation problems:
as.char.html:50:1 (as.char.Rd:12): Warning: missing </ul> before </div>
cumulative.estimate.html:69:1 (cumulative.estimate.Rd:25): Warning: missing </ul> before </div>
export.rds.interval.estimate.html:50:1 (export.rds.interval.estimate.Rd:12): Warning: missing </ul> before </div>
get.h.hat.html:60:1 (get.h.hat.Rd:19): Warning: missing </ul> before </div>
get.net.size.html:50:1 (get.net.size.Rd:12): Warning: missing </ul> before </div>
get.population.size.html:50:1 (get.population.size.Rd:12): Warning: missing </ul> before </div>
get.recruitment.time.html:63:1 (get.recruitment.time.Rd:21): Warning: missing </ul> before </div>
gile.ss.weights.html:84:1 (gile.ss.weights.Rd:34): Warning: missing </ul> before </div>
has.recruitment.time.html:50:1 (has.recruitment.time.Rd:12): Warning: missing </ul> before </div>
is.rds.data.frame.html:46:1 (is.rds.data.frame.Rd:10): Warning: missing </ul> before </div>
is.rds.interval.estimate.html:46:1 (is.rds.interval.estimate.Rd:10): Warning: missing </ul> before </div>
is.rds.interval.estimate.list.html:48:1 (is.rds.interval.estimate.list.Rd:11): Warning: missing </ul> before </div>
print.differential.activity.estimate.html:51:1 (print.differential.activity.estimate.Rd:12): Warning: missing </ul> before </div>
print.pvalue.table.html:51:1 (print.pvalue.table.Rd:12): Warning: missing </ul> before </div>
print.rds.contin.bootstrap.html:55:1 (print.rds.contin.bootstrap.Rd:14): Warning: missing </ul> before </div>
print.rds.data.frame.html:51:1 (print.rds.data.frame.Rd:12): Warning: missing </ul> before </div>
print.rds.interval.estimate.html:58:1 (print.rds.interval.estimate.Rd:17): Warning: missing </ul> before </div>
rds.I.weights.html:62:1 (rds.I.weights.Rd:18): Warning: missing </ul> before </div>
read.rdsobj.html:51:1 (read.rdsobj.Rd:15): Warning: missing </ul> before </div>
show.rds.data.frame.html:50:1 (show.rds.data.frame.Rd:12): Warning: missing </ul> before </div>
vh.weights.html:50:1 (vh.weights.Rd:12): Warning: missing </ul> before </div>
write.graphviz.html:50:1 (write.graphviz.Rd:12): Warning: missing </ul> before </div>
write.rdsat.html:50:1 (write.rdsat.Rd:12): Warning: missing </ul> before </div>
write.rdsobj.html:50:1 (write.rdsobj.Rd:12): Warning: missing </ul> before </div>
Flavors: r-devel-linux-x86_64-debian-clang, r-devel-linux-x86_64-debian-gcc