Last updated on 2025-10-25 06:49:51 CEST.
| Flavor | Version | Tinstall | Tcheck | Ttotal | Status | Flags |
|---|---|---|---|---|---|---|
| r-devel-linux-x86_64-debian-clang | 2.56 | 9.88 | 112.17 | 122.05 | NOTE | |
| r-devel-linux-x86_64-debian-gcc | 2.56 | 6.68 | 83.34 | 90.02 | NOTE | |
| r-devel-windows-x86_64 | 2.56 | 11.00 | 168.00 | 179.00 | OK | |
| r-patched-linux-x86_64 | 2.56 | 10.80 | 108.41 | 119.21 | NOTE | |
| r-release-linux-x86_64 | 2.56 | 9.16 | 108.61 | 117.77 | NOTE | |
| r-release-macos-arm64 | 2.56 | 6.00 | 75.00 | 81.00 | OK | |
| r-release-macos-x86_64 | 2.56 | 8.00 | 122.00 | 130.00 | OK | |
| r-release-windows-x86_64 | 2.56 | 11.00 | 175.00 | 186.00 | OK | |
| r-oldrel-macos-arm64 | 2.56 | 4.00 | 73.00 | 77.00 | OK | |
| r-oldrel-macos-x86_64 | 2.56 | 13.00 | 195.00 | 208.00 | OK | |
| r-oldrel-windows-x86_64 | 2.56 | 15.00 | 179.00 | 194.00 | OK |
Version: 2.56
Check: for unstated dependencies in ‘demo’
Result: NOTE
'library' or 'require' call not declared from: ‘deconvolveR’
Flavors: r-devel-linux-x86_64-debian-clang, r-devel-linux-x86_64-debian-gcc, r-patched-linux-x86_64, r-release-linux-x86_64