Last updated on 2025-10-21 11:53:37 CEST.
Flavor | Version | Tinstall | Tcheck | Ttotal | Status | Flags |
---|---|---|---|---|---|---|
r-devel-linux-x86_64-debian-clang | 3.0-2 | 12.38 | 83.80 | 96.18 | NOTE | |
r-devel-linux-x86_64-debian-gcc | 3.0-2 | 7.68 | 55.59 | 63.27 | NOTE | |
r-devel-linux-x86_64-fedora-clang | 3.0-2 | 150.17 | OK | |||
r-devel-linux-x86_64-fedora-gcc | 3.0-2 | 28.00 | 108.21 | 136.21 | OK | |
r-devel-windows-x86_64 | 3.0-2 | 14.00 | 84.00 | 98.00 | OK | |
r-patched-linux-x86_64 | 3.0-2 | 11.69 | 77.13 | 88.82 | OK | |
r-release-linux-x86_64 | 3.0-2 | 12.28 | 77.74 | 90.02 | OK | |
r-release-macos-arm64 | 3.0-2 | 35.00 | OK | |||
r-release-macos-x86_64 | 3.0-2 | 12.00 | 55.00 | 67.00 | OK | |
r-release-windows-x86_64 | 3.0-2 | 15.00 | 81.00 | 96.00 | OK | |
r-oldrel-macos-arm64 | 3.0-2 | 34.00 | OK | |||
r-oldrel-macos-x86_64 | 3.0-2 | 62.00 | OK | |||
r-oldrel-windows-x86_64 | 3.0-2 | 21.00 | 106.00 | 127.00 | OK |
Version: 3.0-2
Check: CRAN incoming feasibility
Result: NOTE
Maintainer: ‘Paul Murrell <paul@stat.auckland.ac.nz>’
No Authors@R field in DESCRIPTION.
Please add one, modifying
Authors@R: person(given = "Paul",
family = "Murrell",
role = c("aut", "cre"),
email = "paul@stat.auckland.ac.nz")
as necessary.
Flavors: r-devel-linux-x86_64-debian-clang, r-devel-linux-x86_64-debian-gcc
Version: 3.0-2
Check: HTML version of manual
Result: NOTE
Found the following HTML validation problems:
grid.utext.html:58:1 (grid.utext.Rd:14): Warning: missing </ul> before </div>
grid.utextvp.html:58:1 (grid.utextvp.Rd:14): Warning: missing </ul> before </div>
splitString.html:47:1 (splitString.Rd:11): Warning: missing </ul> before </div>
splitTextGrob.html:51:1 (splitTextGrob.Rd:12): Warning: missing </ul> before </div>
utextDynamic.html:63:1 (utextDynamic.Rd:15): Warning: missing </ul> before </div>
utextStatic.html:64:1 (utextStatic.Rd:17): Warning: missing </ul> before </div>
utextvpDynamic.html:67:1 (utextvpDynamic.Rd:16): Warning: missing </ul> before </div>
utextvpStatic.html:68:1 (utextvpStatic.Rd:18): Warning: missing </ul> before </div>
Flavors: r-devel-linux-x86_64-debian-clang, r-devel-linux-x86_64-debian-gcc