Last updated on 2025-10-21 23:51:08 CEST.
Flavor | Version | Tinstall | Tcheck | Ttotal | Status | Flags |
---|---|---|---|---|---|---|
r-devel-linux-x86_64-debian-clang | 1.1.0.2 | 14.51 | 36.60 | 51.11 | NOTE | |
r-devel-linux-x86_64-debian-gcc | 1.1.0.2 | 12.02 | 27.69 | 39.71 | NOTE | |
r-devel-linux-x86_64-fedora-clang | 1.1.0.2 | 30.00 | 47.32 | 77.32 | OK | |
r-devel-linux-x86_64-fedora-gcc | 1.1.0.2 | 40.00 | 42.51 | 82.51 | OK | |
r-devel-windows-x86_64 | 1.1.0.2 | 20.00 | 64.00 | 84.00 | OK | |
r-patched-linux-x86_64 | 1.1.0.2 | 18.36 | 34.14 | 52.50 | OK | |
r-release-linux-x86_64 | 1.1.0.2 | 15.86 | 34.16 | 50.02 | OK | |
r-release-macos-arm64 | 1.1.0.2 | 6.00 | 20.00 | 26.00 | OK | |
r-release-macos-x86_64 | 1.1.0.2 | 13.00 | 43.00 | 56.00 | OK | |
r-release-windows-x86_64 | 1.1.0.2 | 26.00 | 64.00 | 90.00 | OK | |
r-oldrel-macos-arm64 | 1.1.0.2 | 6.00 | 24.00 | 30.00 | OK | |
r-oldrel-macos-x86_64 | 1.1.0.2 | 12.00 | 46.00 | 58.00 | OK | |
r-oldrel-windows-x86_64 | 1.1.0.2 | 27.00 | 70.00 | 97.00 | OK |
Version: 1.1.0.2
Check: HTML version of manual
Result: NOTE
Found the following HTML validation problems:
mvl_verify.html:47:1 (mvl_verify.Rd:10): Warning: missing </ul> before </div>
Flavors: r-devel-linux-x86_64-debian-clang, r-devel-linux-x86_64-debian-gcc