CRAN Package Check Results for Package RNHANES

Last updated on 2025-10-21 17:50:00 CEST.

Flavor Version Tinstall Tcheck Ttotal Status Flags
r-devel-linux-x86_64-debian-clang 1.1.0 10.14 92.86 103.00 NOTE
r-devel-linux-x86_64-debian-gcc 1.1.0 8.05 68.38 76.43 NOTE
r-devel-linux-x86_64-fedora-clang 1.1.0 24.00 141.44 165.44 OK
r-devel-linux-x86_64-fedora-gcc 1.1.0 33.00 135.62 168.62 OK
r-devel-windows-x86_64 1.1.0 11.00 97.00 108.00 OK
r-patched-linux-x86_64 1.1.0 10.52 88.33 98.85 OK
r-release-linux-x86_64 1.1.0 10.18 88.82 99.00 OK
r-release-macos-arm64 1.1.0 5.00 47.00 52.00 OK
r-release-macos-x86_64 1.1.0 9.00 102.00 111.00 OK
r-release-windows-x86_64 1.1.0 14.00 101.00 115.00 OK
r-oldrel-macos-arm64 1.1.0 4.00 46.00 50.00 NOTE
r-oldrel-macos-x86_64 1.1.0 10.00 95.00 105.00 NOTE
r-oldrel-windows-x86_64 1.1.0 16.00 127.00 143.00 NOTE

Check Details

Version: 1.1.0
Check: HTML version of manual
Result: NOTE Found the following HTML validation problems: process_file_name.html:56:1 (process_file_name.Rd:15): Warning: missing </ul> before </div> validate_year.html:54:1 (validate_year.Rd:14): Warning: missing </ul> before </div> Flavors: r-devel-linux-x86_64-debian-clang, r-devel-linux-x86_64-debian-gcc

Version: 1.1.0
Check: LazyData
Result: NOTE 'LazyData' is specified without a 'data' directory Flavors: r-oldrel-macos-arm64, r-oldrel-macos-x86_64, r-oldrel-windows-x86_64