Last updated on 2025-10-21 11:53:37 CEST.
Flavor | Version | Tinstall | Tcheck | Ttotal | Status | Flags |
---|---|---|---|---|---|---|
r-devel-linux-x86_64-debian-clang | 1.0-1 | 6.90 | 490.69 | 497.59 | NOTE | |
r-devel-linux-x86_64-debian-gcc | 1.0-1 | 4.39 | 302.66 | 307.05 | NOTE | |
r-devel-linux-x86_64-fedora-clang | 1.0-1 | 77.60 | NOTE | |||
r-devel-linux-x86_64-fedora-gcc | 1.0-1 | 11.00 | 60.63 | 71.63 | NOTE | |
r-devel-windows-x86_64 | 1.0-1 | 40.00 | 339.00 | 379.00 | NOTE | |
r-patched-linux-x86_64 | 1.0-1 | 7.55 | 451.55 | 459.10 | NOTE | |
r-release-linux-x86_64 | 1.0-1 | 6.76 | 451.75 | 458.51 | NOTE | |
r-release-macos-arm64 | 1.0-1 | 25.00 | NOTE | |||
r-release-macos-x86_64 | 1.0-1 | 5.00 | 40.00 | 45.00 | NOTE | |
r-release-windows-x86_64 | 1.0-1 | 43.00 | 365.00 | 408.00 | NOTE | |
r-oldrel-macos-arm64 | 1.0-1 | 26.00 | NOTE | |||
r-oldrel-macos-x86_64 | 1.0-1 | 36.00 | NOTE | |||
r-oldrel-windows-x86_64 | 1.0-1 | 41.00 | 436.00 | 477.00 | NOTE |
Version: 1.0-1
Check: Rd files
Result: NOTE
checkRd: (-1) ROI_plugin_build_equality_constraints.Rd:27: Lost braces in \enumerate; meant \describe ?
checkRd: (-1) ROI_plugin_build_equality_constraints.Rd:28: Lost braces in \enumerate; meant \describe ?
checkRd: (-1) ROI_plugin_build_inequality_constraints.Rd:27: Lost braces in \enumerate; meant \describe ?
checkRd: (-1) ROI_plugin_build_inequality_constraints.Rd:28: Lost braces in \enumerate; meant \describe ?
checkRd: (-1) ROI_plugin_build_inequality_constraints.Rd:29: Lost braces in \enumerate; meant \describe ?
checkRd: (-1) ROI_solve.Rd:26: Lost braces in \itemize; \value handles \item{}{} directly
checkRd: (-1) ROI_solve.Rd:27: Lost braces in \itemize; \value handles \item{}{} directly
checkRd: (-1) ROI_solve.Rd:28-30: Lost braces in \itemize; \value handles \item{}{} directly
checkRd: (-1) ROI_solve.Rd:31: Lost braces in \itemize; \value handles \item{}{} directly
Flavors: r-devel-linux-x86_64-debian-clang, r-devel-linux-x86_64-debian-gcc, r-devel-linux-x86_64-fedora-clang, r-devel-linux-x86_64-fedora-gcc, r-devel-windows-x86_64, r-patched-linux-x86_64, r-release-linux-x86_64, r-release-macos-arm64, r-release-macos-x86_64, r-release-windows-x86_64, r-oldrel-macos-arm64, r-oldrel-macos-x86_64, r-oldrel-windows-x86_64
Version: 1.0-1
Check: HTML version of manual
Result: NOTE
Found the following HTML validation problems:
ROI_constraint.html:81:1 (ROI_constraint.Rd:24): Warning: missing </ul> before </div>
ROI_options.html:53:1 (ROI_options.Rd:14): Warning: missing </ul> before </div>
Flavors: r-devel-linux-x86_64-debian-clang, r-devel-linux-x86_64-debian-gcc