Last updated on 2025-10-21 17:50:00 CEST.
Flavor | Version | Tinstall | Tcheck | Ttotal | Status | Flags |
---|---|---|---|---|---|---|
r-devel-linux-x86_64-debian-clang | 0.3.9 | 10.87 | 32.36 | 43.23 | NOTE | |
r-devel-linux-x86_64-debian-gcc | 0.3.9 | 6.47 | 25.57 | 32.04 | NOTE | |
r-devel-linux-x86_64-fedora-clang | 0.3.9 | 27.00 | 37.13 | 64.13 | OK | |
r-devel-linux-x86_64-fedora-gcc | 0.3.9 | 23.00 | 37.43 | 60.43 | OK | |
r-devel-windows-x86_64 | 0.3.9 | 11.00 | 52.00 | 63.00 | OK | |
r-patched-linux-x86_64 | 0.3.9 | 11.68 | 29.81 | 41.49 | OK | |
r-release-linux-x86_64 | 0.3.9 | 10.99 | 30.39 | 41.38 | OK | |
r-release-macos-arm64 | 0.3.9 | 5.00 | 20.00 | 25.00 | OK | |
r-release-macos-x86_64 | 0.3.9 | 11.00 | 34.00 | 45.00 | OK | |
r-release-windows-x86_64 | 0.3.9 | 12.00 | 55.00 | 67.00 | OK | |
r-oldrel-macos-arm64 | 0.3.9 | 5.00 | 17.00 | 22.00 | OK | |
r-oldrel-macos-x86_64 | 0.3.9 | 8.00 | 25.00 | 33.00 | OK | |
r-oldrel-windows-x86_64 | 0.3.9 | 15.00 | 59.00 | 74.00 | OK |
Version: 0.3.9
Check: CRAN incoming feasibility
Result: NOTE
Maintainer: ‘Yoann Robin <yoann.robin.k@gmail.com>’
The Description field contains
generator, see Mezzadri, F. (2007) <arXiv:math-ph/0609050>.
Please refer to arXiv e-prints via their arXiv DOI <doi:10.48550/arXiv.YYMM.NNNNN>.
Flavors: r-devel-linux-x86_64-debian-clang, r-devel-linux-x86_64-debian-gcc
Version: 0.3.9
Check: HTML version of manual
Result: NOTE
Found the following HTML validation problems:
AbstractDist.html:653:1 (AbstractDist.Rd:363): Warning: missing </ul> before </div>
AbstractDist.html:183:1 (AbstractDist.Rd:97): Warning: <h5> anchor "Usage" already defined
AbstractDist.html:189:1 (AbstractDist.Rd:101): Warning: <h5> anchor "Arguments" already defined
AbstractDist.html:202:1 (AbstractDist.Rd:108): Warning: <h5> anchor "Returns" already defined
AbstractDist.html:219:1 (AbstractDist.Rd:117): Warning: <h5> anchor "Usage" already defined
AbstractDist.html:225:1 (AbstractDist.Rd:121): Warning: <h5> anchor "Arguments" already defined
AbstractDist.html:238:1 (AbstractDist.Rd:128): Warning: <h5> anchor "Returns" already defined
AbstractDist.html:255:1 (AbstractDist.Rd:137): Warning: <h5> anchor "Usage" already defined
AbstractDist.html:261:1 (AbstractDist.Rd:141): Warning: <h5> anchor "Arguments" already defined
AbstractDist.html:274:1 (AbstractDist.Rd:148): Warning: <h5> anchor "Returns" already defined
AbstractDist.html:291:1 (AbstractDist.Rd:157): Warning: <h5> anchor "Usage" already defined
AbstractDist.html:297:1 (AbstractDist.Rd:161): Warning: <h5> anchor "Arguments" already defined
AbstractDist.html:310:1 (AbstractDist.Rd:168): Warning: <h5> anchor "Returns" already defined
AbstractDist.html:327:1 (AbstractDist.Rd:177): Warning: <h5> anchor "Usage" already defined
AbstractDist.html:333:1 (AbstractDist.Rd:181): Warning: <h5> anchor "Arguments" already defined
AbstractDist.html:346:1 (AbstractDist.Rd:188): Warning: <h5> anchor "Returns" already defined
AbstractDist.html:363:1 (AbstractDist.Rd:197): Warning: <h5> anchor "Usage" already defined
AbstractDist.html:369:1 (AbstractDist.Rd:201): Warning: <h5> anchor "Arguments" already defined
AbstractDist.html:382:1 (AbstractDist.Rd:208): Warning: <h5> anchor "Returns" already defined
AbstractDist.html:399:1 (AbstractDist.Rd:217): Warning: <h5> anchor "Usage" already defined
AbstractDist.html:405:1 (AbstractDist.Rd:221): Warning: <h5> anchor "Arguments" already defined
AbstractDist.html:418:1 (AbstractDist.Rd:228): Warning: <h5> anchor "Returns" already defined
AbstractDist.html:435:1 (AbstractDist.Rd:237): Warning: <h5> anchor "Usage" already defined
AbstractDist.html:441:1 (AbstractDist.Rd:241): Warning: <h5> anchor "Arguments" already defined
AbstractDist.html:457:1 (AbstractDist.Rd:251): Warning: <h5> anchor "Returns" already defined
AbstractDist.html:474:1 (AbstractDist.Rd:260): Warning: <h5> anchor "Usage" already defined
AbstractDist.html:480:1 (AbstractDist.Rd:264): Warning: <h5> anchor "Arguments" already defined
AbstractDist.html:495:1 (AbstractDist.Rd:273): Warning: <h5> anchor "Returns" already defined
AbstractDist.html:512:1 (AbstractDist.Rd:282): Warning: <h5> anchor "Usage" already defined
AbstractDist.html:518:1 (AbstractDist.Rd:286): Warning: <h5> anchor "Arguments" already defined
AbstractDist.html:535:1 (AbstractDist.Rd:297): Warning: <h5> anchor "Returns" already defined
AbstractDist.html:552:1 (AbstractDist.Rd:306): Warning: <h5> anchor "Usage" already defined
AbstractDist.html:558:1 (AbstractDist.Rd:310): Warning: <h5> anchor "Arguments" already defined
AbstractDist.html:575:1 (AbstractDist.Rd:321): Warning: <h5> anchor "Returns" already defined
AbstractDist.html:592:1 (AbstractDist.Rd:330): Warning: <h5> anchor "Usage" already defined
AbstractDist.html:598:1 (AbstractDist.Rd:334): Warning: <h5> anchor "Arguments" already defined
AbstractDist.html:613:1 (AbstractDist.Rd:343): Warning: <h5> anchor "Returns" already defined
AbstractDist.html:630:1 (AbstractDist.Rd:352): Warning: <h5> anchor "Usage" already defined
AbstractDist.html:636:1 (AbstractDist.Rd:356): Warning: <h5> anchor "Arguments" already defined
Exponential.html:134:1 (Exponential.Rd:84): Warning: <h5> anchor "Usage" already defined
Exponential.html:140:1 (Exponential.Rd:88): Warning: <h5> anchor "Arguments" already defined
GEV.html:147:1 (GEV.Rd:95): Warning: <h5> anchor "Usage" already defined
GEV.html:153:1 (GEV.Rd:99): Warning: <h5> anchor "Arguments" already defined
GEV.html:168:1 (GEV.Rd:108): Warning: <h5> anchor "Returns" already defined
GEV.html:185:1 (GEV.Rd:117): Warning: <h5> anchor "Usage" already defined
GEV.html:191:1 (GEV.Rd:121): Warning: <h5> anchor "Arguments" already defined
GEV.html:206:1 (GEV.Rd:130): Warning: <h5> anchor "Returns" already defined
GEV.html:223:1 (GEV.Rd:139): Warning: <h5> anchor "Usage" already defined
GEV.html:229:1 (GEV.Rd:143): Warning: <h5> anchor "Arguments" already defined
GPD.html:144:1 (GPD.Rd:94): Warning: <h5> anchor "Usage" already defined
GPD.html:150:1 (GPD.Rd:98): Warning: <h5> anchor "Arguments" already defined
GPD.html:165:1 (GPD.Rd:107): Warning: <h5> anchor "Returns" already defined
GPD.html:182:1 (GPD.Rd:116): Warning: <h5> anchor "Usage" already defined
GPD.html:188:1 (GPD.Rd:120): Warning: <h5> anchor "Arguments" already defined
Gamma.html:138:1 (Gamma.Rd:89): Warning: <h5> anchor "Usage" already defined
Gamma.html:144:1 (Gamma.Rd:93): Warning: <h5> anchor "Arguments" already defined
Normal.html:138:1 (Normal.Rd:89): Warning: <h5> anchor "Usage" already defined
Normal.html:144:1 (Normal.Rd:93): Warning: <h5> anchor "Arguments" already defined
Uniform.html:138:1 (Uniform.Rd:89): Warning: <h5> anchor "Usage" already defined
Uniform.html:144:1 (Uniform.Rd:93): Warning: <h5> anchor "Arguments" already defined
mrv_histogram.html:128:1 (mrv_histogram.Rd:68): Warning: <h5> anchor "Usage" already defined
mrv_histogram.html:134:1 (mrv_histogram.Rd:72): Warning: <h5> anchor "Arguments" already defined
mrv_histogram.html:149:1 (mrv_histogram.Rd:81): Warning: <h5> anchor "Returns" already defined
mrv_histogram.html:166:1 (mrv_histogram.Rd:90): Warning: <h5> anchor "Usage" already defined
mrv_histogram.html:172:1 (mrv_histogram.Rd:94): Warning: <h5> anchor "Arguments" already defined
mrv_histogram.html:185:1 (mrv_histogram.Rd:101): Warning: <h5> anchor "Returns" already defined
mrv_histogram.html:202:1 (mrv_histogram.Rd:110): Warning: <h5> anchor "Usage" already defined
mrv_histogram.html:208:1 (mrv_histogram.Rd:114): Warning: <h5> anchor "Arguments" already defined
mrv_histogram.html:221:1 (mrv_histogram.Rd:121): Warning: <h5> anchor "Returns" already defined
mrv_histogram.html:238:1 (mrv_histogram.Rd:130): Warning: <h5> anchor "Usage" already defined
mrv_histogram.html:244:1 (mrv_histogram.Rd:134): Warning: <h5> anchor "Arguments" already defined
mrv_histogram.html:257:1 (mrv_histogram.Rd:141): Warning: <h5> anchor "Returns" already defined
mrv_histogram.html:274:1 (mrv_histogram.Rd:150): Warning: <h5> anchor "Usage" already defined
mrv_histogram.html:280:1 (mrv_histogram.Rd:154): Warning: <h5> anchor "Arguments" already defined
mrv_histogram.html:293:1 (mrv_histogram.Rd:161): Warning: <h5> anchor "Returns" already defined
mrv_histogram.html:310:1 (mrv_histogram.Rd:170): Warning: <h5> anchor "Usage" already defined
mrv_histogram.html:316:1 (mrv_histogram.Rd:174): Warning: <h5> anchor "Arguments" already defined
mrv_histogram.html:329:1 (mrv_histogram.Rd:181): Warning: <h5> anchor "Returns" already defined
mrv_histogram.html:346:1 (mrv_histogram.Rd:190): Warning: <h5> anchor "Usage" already defined
mrv_histogram.html:352:1 (mrv_histogram.Rd:194): Warning: <h5> anchor "Arguments" already defined
rv_histogram.html:136:1 (rv_histogram.Rd:74): Warning: <h5> anchor "Usage" already defined
rv_histogram.html:142:1 (rv_histogram.Rd:78): Warning: <h5> anchor "Arguments" already defined
rv_histogram.html:155:1 (rv_histogram.Rd:85): Warning: <h5> anchor "Returns" already defined
rv_histogram.html:172:1 (rv_histogram.Rd:94): Warning: <h5> anchor "Usage" already defined
rv_histogram.html:178:1 (rv_histogram.Rd:98): Warning: <h5> anchor "Arguments" already defined
rv_histogram.html:191:1 (rv_histogram.Rd:105): Warning: <h5> anchor "Returns" already defined
rv_histogram.html:208:1 (rv_histogram.Rd:114): Warning: <h5> anchor "Usage" already defined
rv_histogram.html:214:1 (rv_histogram.Rd:118): Warning: <h5> anchor "Arguments" already defined
rv_histogram.html:227:1 (rv_histogram.Rd:125): Warning: <h5> anchor "Returns" already defined
rv_histogram.html:244:1 (rv_histogram.Rd:134): Warning: <h5> anchor "Usage" already defined
rv_histogram.html:250:1 (rv_histogram.Rd:138): Warning: <h5> anchor "Arguments" already defined
rv_histogram.html:263:1 (rv_histogram.Rd:145): Warning: <h5> anchor "Returns" already defined
rv_histogram.html:280:1 (rv_histogram.Rd:154): Warning: <h5> anchor "Usage" already defined
rv_histogram.html:286:1 (rv_histogram.Rd:158): Warning: <h5> anchor "Arguments" already defined
rv_histogram.html:299:1 (rv_histogram.Rd:165): Warning: <h5> anchor "Returns" already defined
rv_histogram.html:316:1 (rv_histogram.Rd:174): Warning: <h5> anchor "Usage" already defined
rv_histogram.html:322:1 (rv_histogram.Rd:178): Warning: <h5> anchor "Arguments" already defined
rv_histogram.html:335:1 (rv_histogram.Rd:185): Warning: <h5> anchor "Returns" already defined
rv_histogram.html:352:1 (rv_histogram.Rd:194): Warning: <h5> anchor "Usage" already defined
rv_histogram.html:358:1 (rv_histogram.Rd:198): Warning: <h5> anchor "Arguments" already defined
rv_histogram.html:371:1 (rv_histogram.Rd:205): Warning: <h5> anchor "Returns" already defined
rv_histogram.html:388:1 (rv_histogram.Rd:214): Warning: <h5> anchor "Usage" already defined
rv_histogram.html:394:1 (rv_histogram.Rd:218): Warning: <h5> anchor "Arguments" already defined
rv_histogram.html:409:1 (rv_histogram.Rd:227): Warning: <h5> anchor "Returns" already defined
rv_histogram.html:426:1 (rv_histogram.Rd:236): Warning: <h5> anchor "Usage" already defined
rv_histogram.html:432:1 (rv_histogram.Rd:240): Warning: <h5> anchor "Arguments" already defined
rv_mixture.html:136:1 (rv_mixture.Rd:75): Warning: <h5> anchor "Usage" already defined
rv_mixture.html:142:1 (rv_mixture.Rd:79): Warning: <h5> anchor "Arguments" already defined
rv_mixture.html:155:1 (rv_mixture.Rd:86): Warning: <h5> anchor "Returns" already defined
rv_mixture.html:172:1 (rv_mixture.Rd:95): Warning: <h5> anchor "Usage" already defined
rv_mixture.html:178:1 (rv_mixture.Rd:99): Warning: <h5> anchor "Arguments" already defined
rv_mixture.html:191:1 (rv_mixture.Rd:106): Warning: <h5> anchor "Returns" already defined
rv_mixture.html:208:1 (rv_mixture.Rd:115): Warning: <h5> anchor "Usage" already defined
rv_mixture.html:214:1 (rv_mixture.Rd:119): Warning: <h5> anchor "Arguments" already defined
rv_mixture.html:227:1 (rv_mixture.Rd:126): Warning: <h5> anchor "Returns" already defined
rv_mixture.html:244:1 (rv_mixture.Rd:135): Warning: <h5> anchor "Usage" already defined
rv_mixture.html:250:1 (rv_mixture.Rd:139): Warning: <h5> anchor "Arguments" already defined
rv_mixture.html:263:1 (rv_mixture.Rd:146): Warning: <h5> anchor "Returns" already defined
rv_mixture.html:280:1 (rv_mixture.Rd:155): Warning: <h5> anchor "Usage" already defined
rv_mixture.html:286:1 (rv_mixture.Rd:159): Warning: <h5> anchor "Arguments" already defined
rv_mixture.html:299:1 (rv_mixture.Rd:166): Warning: <h5> anchor "Returns" already defined
rv_mixture.html:316:1 (rv_mixture.Rd:175): Warning: <h5> anchor "Usage" already defined
rv_mixture.html:322:1 (rv_mixture.Rd:179): Warning: <h5> anchor "Arguments" already defined
rv_mixture.html:335:1 (rv_mixture.Rd:186): Warning: <h5> anchor "Returns" already defined
rv_mixture.html:352:1 (rv_mixture.Rd:195): Warning: <h5> anchor "Usage" already defined
rv_mixture.html:358:1 (rv_mixture.Rd:199): Warning: <h5> anchor "Arguments" already defined
rv_mixture.html:371:1 (rv_mixture.Rd:206): Warning: <h5> anchor "Returns" already defined
rv_mixture.html:388:1 (rv_mixture.Rd:215): Warning: <h5> anchor "Usage" already defined
rv_mixture.html:394:1 (rv_mixture.Rd:219): Warning: <h5> anchor "Arguments" already defined
rv_ratio_histogram.html:130:1 (rv_ratio_histogram.Rd:72): Warning: <h5> anchor "Usage" already defined
rv_ratio_histogram.html:136:1 (rv_ratio_histogram.Rd:76): Warning: <h5> anchor "Arguments" already defined
rv_ratio_histogram.html:149:1 (rv_ratio_histogram.Rd:83): Warning: <h5> anchor "Returns" already defined
rv_ratio_histogram.html:166:1 (rv_ratio_histogram.Rd:92): Warning: <h5> anchor "Usage" already defined
rv_ratio_histogram.html:172:1 (rv_ratio_histogram.Rd:96): Warning: <h5> anchor "Arguments" already defined
rv_ratio_histogram.html:185:1 (rv_ratio_histogram.Rd:103): Warning: <h5> anchor "Returns" already defined
rv_ratio_histogram.html:202:1 (rv_ratio_histogram.Rd:112): Warning: <h5> anchor "Usage" already defined
rv_ratio_histogram.html:208:1 (rv_ratio_histogram.Rd:116): Warning: <h5> anchor "Arguments" already defined
rv_ratio_histogram.html:221:1 (rv_ratio_histogram.Rd:123): Warning: <h5> anchor "Returns" already defined
rv_ratio_histogram.html:238:1 (rv_ratio_histogram.Rd:132): Warning: <h5> anchor "Usage" already defined
rv_ratio_histogram.html:244:1 (rv_ratio_histogram.Rd:136): Warning: <h5> anchor "Arguments" already defined
rv_ratio_histogram.html:257:1 (rv_ratio_histogram.Rd:143): Warning: <h5> anchor "Returns" already defined
rv_ratio_histogram.html:274:1 (rv_ratio_histogram.Rd:152): Warning: <h5> anchor "Usage" already defined
rv_ratio_histogram.html:280:1 (rv_ratio_histogram.Rd:156): Warning: <h5> anchor "Arguments" already defined
rv_ratio_histogram.html:293:1 (rv_ratio_histogram.Rd:163): Warning: <h5> anchor "Returns" already defined
rv_ratio_histogram.html:310:1 (rv_ratio_histogram.Rd:172): Warning: <h5> anchor "Usage" already defined
rv_ratio_histogram.html:316:1 (rv_ratio_histogram.Rd:176): Warning: <h5> anchor "Arguments" already defined
rv_ratio_histogram.html:333:1 (rv_ratio_histogram.Rd:187): Warning: <h5> anchor "Returns" already defined
rv_ratio_histogram.html:350:1 (rv_ratio_histogram.Rd:196): Warning: <h5> anchor "Usage" already defined
rv_ratio_histogram.html:356:1 (rv_ratio_histogram.Rd:200): Warning: <h5> anchor "Arguments" already defined
Flavors: r-devel-linux-x86_64-debian-clang, r-devel-linux-x86_64-debian-gcc