Last updated on 2025-10-21 17:50:00 CEST.
Flavor | Version | Tinstall | Tcheck | Ttotal | Status | Flags |
---|---|---|---|---|---|---|
r-devel-linux-x86_64-debian-clang | 0.1.3 | 5.75 | 52.04 | 57.79 | NOTE | |
r-devel-linux-x86_64-debian-gcc | 0.1.3 | 4.73 | 40.13 | 44.86 | NOTE | |
r-devel-linux-x86_64-fedora-clang | 0.1.3 | 16.00 | 71.37 | 87.37 | OK | |
r-devel-linux-x86_64-fedora-gcc | 0.1.3 | 11.00 | 72.19 | 83.19 | OK | |
r-devel-windows-x86_64 | 0.1.3 | 7.00 | 63.00 | 70.00 | OK | |
r-patched-linux-x86_64 | 0.1.3 | 5.48 | 49.86 | 55.34 | OK | |
r-release-linux-x86_64 | 0.1.3 | 6.17 | 49.86 | 56.03 | OK | |
r-release-macos-arm64 | 0.1.3 | 3.00 | 25.00 | 28.00 | OK | |
r-release-macos-x86_64 | 0.1.3 | 4.00 | 44.00 | 48.00 | OK | |
r-release-windows-x86_64 | 0.1.3 | 8.00 | 66.00 | 74.00 | OK | |
r-oldrel-macos-arm64 | 0.1.3 | 3.00 | 26.00 | 29.00 | OK | |
r-oldrel-macos-x86_64 | 0.1.3 | 4.00 | 59.00 | 63.00 | OK | |
r-oldrel-windows-x86_64 | 0.1.3 | 9.00 | 74.00 | 83.00 | OK |
Version: 0.1.3
Check: HTML version of manual
Result: NOTE
Found the following HTML validation problems:
loglikhresid.html:61:1 (loglikhresid.Rd:18): Warning: missing </ul> before </div>
summary.rologit.html:51:1 (summary.rologit.Rd:12): Warning: missing </ul> before </div>
Flavors: r-devel-linux-x86_64-debian-clang, r-devel-linux-x86_64-debian-gcc