Last updated on 2025-10-24 05:50:54 CEST.
| Flavor | Version | Tinstall | Tcheck | Ttotal | Status | Flags |
|---|---|---|---|---|---|---|
| r-devel-linux-x86_64-debian-clang | 0.0.4 | 3.62 | 44.04 | 47.66 | NOTE | |
| r-devel-linux-x86_64-debian-gcc | 0.0.4 | 2.52 | 32.90 | 35.42 | NOTE | |
| r-devel-linux-x86_64-fedora-clang | 0.0.4 | 70.58 | OK | |||
| r-devel-linux-x86_64-fedora-gcc | 0.0.4 | 87.54 | OK | |||
| r-devel-windows-x86_64 | 0.0.4 | 5.00 | 68.00 | 73.00 | OK | |
| r-patched-linux-x86_64 | 0.0.4 | 4.32 | 42.22 | 46.54 | OK | |
| r-release-linux-x86_64 | 0.0.4 | 3.32 | 41.75 | 45.07 | OK | |
| r-release-macos-arm64 | 0.0.4 | 2.00 | 40.00 | 42.00 | OK | |
| r-release-macos-x86_64 | 0.0.4 | 4.00 | 57.00 | 61.00 | OK | |
| r-release-windows-x86_64 | 0.0.4 | 7.00 | 71.00 | 78.00 | OK | |
| r-oldrel-macos-arm64 | 0.0.4 | 2.00 | 32.00 | 34.00 | OK | |
| r-oldrel-macos-x86_64 | 0.0.4 | 3.00 | 45.00 | 48.00 | OK | |
| r-oldrel-windows-x86_64 | 0.0.4 | 6.00 | 79.00 | 85.00 | OK |
Version: 0.0.4
Check: CRAN incoming feasibility
Result: NOTE
Maintainer: ‘Beatriz Cobo Rodríguez <beacr@ugr.es>’
No Authors@R field in DESCRIPTION.
Please add one, modifying
Authors@R: c(person(given = c("Beatriz", "Cobo"),
family = "Rodríguez",
role = c("aut", "cre"),
email = "beacr@ugr.es"),
person(given = c("María", "del", "Mar", "Rueda"),
family = "García",
role = "aut"),
person(given = c("Antonio", "Arcos"),
family = "Cebrián",
role = "aut"))
as necessary.
Flavors: r-devel-linux-x86_64-debian-clang, r-devel-linux-x86_64-debian-gcc