Last updated on 2025-10-23 05:52:06 CEST.
Flavor | Version | Tinstall | Tcheck | Ttotal | Status | Flags |
---|---|---|---|---|---|---|
r-devel-linux-x86_64-debian-clang | 0.7.6 | 11.40 | 96.35 | 107.75 | NOTE | |
r-devel-linux-x86_64-debian-gcc | 0.7.6 | 8.22 | 69.73 | 77.95 | OK | |
r-devel-linux-x86_64-fedora-clang | 0.7.6 | 26.00 | 143.86 | 169.86 | OK | |
r-devel-linux-x86_64-fedora-gcc | 0.7.6 | 24.00 | 149.06 | 173.06 | OK | |
r-devel-windows-x86_64 | 0.7.6 | 12.00 | 101.00 | 113.00 | OK | |
r-patched-linux-x86_64 | 0.7.6 | 12.48 | 91.88 | 104.36 | OK | |
r-release-linux-x86_64 | 0.7.6 | 10.27 | 91.89 | 102.16 | OK | |
r-release-macos-arm64 | 0.7.6 | 5.00 | 43.00 | 48.00 | OK | |
r-release-macos-x86_64 | 0.7.6 | 10.00 | 94.00 | 104.00 | OK | |
r-release-windows-x86_64 | 0.7.6 | 13.00 | 103.00 | 116.00 | OK | |
r-oldrel-macos-arm64 | 0.7.6 | 5.00 | 51.00 | 56.00 | OK | |
r-oldrel-macos-x86_64 | 0.7.6 | 11.00 | 92.00 | 103.00 | OK | |
r-oldrel-windows-x86_64 | 0.7.6 | 18.00 | 130.00 | 148.00 | OK |
Version: 0.7.6
Check: HTML version of manual
Result: NOTE
Found the following HTML validation problems:
plot.powerplot.html:51:1 (plot.powerplot.Rd:12): Warning: missing </ul> before </div>
Flavor: r-devel-linux-x86_64-debian-clang