Last updated on 2025-10-22 05:51:25 CEST.
Flavor | Version | Tinstall | Tcheck | Ttotal | Status | Flags |
---|---|---|---|---|---|---|
r-devel-linux-x86_64-debian-clang | 0.10.8 | 13.63 | 97.92 | 111.55 | NOTE | |
r-devel-linux-x86_64-debian-gcc | 0.10.8 | 8.65 | 77.20 | 85.85 | NOTE | |
r-devel-linux-x86_64-fedora-clang | 0.10.8 | 28.00 | 146.79 | 174.79 | OK | |
r-devel-linux-x86_64-fedora-gcc | 0.10.8 | 27.00 | 137.43 | 164.43 | OK | |
r-devel-windows-x86_64 | 0.10.8 | 13.00 | 93.00 | 106.00 | OK | |
r-patched-linux-x86_64 | 0.10.8 | 12.47 | 90.97 | 103.44 | OK | |
r-release-linux-x86_64 | 0.10.8 | 12.29 | 91.04 | 103.33 | OK | |
r-release-macos-arm64 | 0.10.8 | 9.00 | 60.00 | 69.00 | OK | |
r-release-macos-x86_64 | 0.10.8 | 21.00 | 127.00 | 148.00 | OK | |
r-release-windows-x86_64 | 0.10.8 | 14.00 | 105.00 | 119.00 | OK | |
r-oldrel-macos-arm64 | 0.10.8 | 12.00 | 65.00 | 77.00 | OK | |
r-oldrel-macos-x86_64 | 0.10.8 | 17.00 | 141.00 | 158.00 | OK | |
r-oldrel-windows-x86_64 | 0.10.8 | 16.00 | 117.00 | 133.00 | OK |
Version: 0.10.8
Check: HTML version of manual
Result: NOTE
Found the following HTML validation problems:
fitted.RSA.html:55:1 (fitted.RSA.Rd:14): Warning: missing </ul> before </div>
residuals.RSA.html:55:1 (residuals.RSA.Rd:15): Warning: missing </ul> before </div>
Flavors: r-devel-linux-x86_64-debian-clang, r-devel-linux-x86_64-debian-gcc