Last updated on 2025-10-24 18:50:06 CEST.
| Flavor | Version | Tinstall | Tcheck | Ttotal | Status | Flags |
|---|---|---|---|---|---|---|
| r-devel-linux-x86_64-debian-clang | 1.1-2 | 2.69 | 45.37 | 48.06 | OK | |
| r-devel-linux-x86_64-debian-gcc | 1.1-2 | 1.92 | 31.96 | 33.88 | OK | |
| r-devel-linux-x86_64-fedora-clang | 1.1-2 | 74.38 | NOTE | |||
| r-devel-linux-x86_64-fedora-gcc | 1.1-2 | 69.78 | NOTE | |||
| r-devel-windows-x86_64 | 1.1-2 | 4.00 | 67.00 | 71.00 | OK | |
| r-patched-linux-x86_64 | 1.1-2 | 2.09 | 43.44 | 45.53 | OK | |
| r-release-linux-x86_64 | 1.1-2 | 1.50 | 43.34 | 44.84 | OK | |
| r-release-macos-arm64 | 1.1-2 | 1.00 | 27.00 | 28.00 | OK | |
| r-release-macos-x86_64 | 1.1-2 | 2.00 | 50.00 | 52.00 | OK | |
| r-release-windows-x86_64 | 1.1-2 | 4.00 | 69.00 | 73.00 | OK | |
| r-oldrel-macos-arm64 | 1.1-2 | 2.00 | 31.00 | 33.00 | OK | |
| r-oldrel-macos-x86_64 | 1.1-2 | 2.00 | 57.00 | 59.00 | OK | |
| r-oldrel-windows-x86_64 | 1.1-2 | 4.00 | 86.00 | 90.00 | OK |
Version: 1.1-2
Check: dependencies in R code
Result: NOTE
Namespace in Imports field not imported from: ‘Rdpack’
All declared Imports should be used.
Flavors: r-devel-linux-x86_64-fedora-clang, r-devel-linux-x86_64-fedora-gcc