Last updated on 2025-10-22 11:51:24 CEST.
Flavor | Version | Tinstall | Tcheck | Ttotal | Status | Flags |
---|---|---|---|---|---|---|
r-devel-linux-x86_64-debian-clang | 1.0.4 | 21.05 | 38.16 | 59.21 | NOTE | |
r-devel-linux-x86_64-debian-gcc | 1.0.4 | 15.42 | 29.88 | 45.30 | NOTE | |
r-devel-linux-x86_64-fedora-clang | 1.0.4 | 31.00 | 60.10 | 91.10 | OK | |
r-devel-linux-x86_64-fedora-gcc | 1.0.4 | 51.00 | 60.57 | 111.57 | OK | |
r-devel-windows-x86_64 | 1.0.4 | 23.00 | 79.00 | 102.00 | OK | |
r-patched-linux-x86_64 | 1.0.4 | 22.85 | 36.30 | 59.15 | OK | |
r-release-linux-x86_64 | 1.0.4 | 23.69 | 36.57 | 60.26 | OK | |
r-release-macos-arm64 | 1.0.4 | 10.00 | 27.00 | 37.00 | OK | |
r-release-macos-x86_64 | 1.0.4 | 18.00 | 54.00 | 72.00 | OK | |
r-release-windows-x86_64 | 1.0.4 | 23.00 | 82.00 | 105.00 | OK | |
r-oldrel-macos-arm64 | 1.0.4 | 9.00 | 26.00 | 35.00 | OK | |
r-oldrel-macos-x86_64 | 1.0.4 | 25.00 | 60.00 | 85.00 | OK | |
r-oldrel-windows-x86_64 | 1.0.4 | 25.00 | 95.00 | 120.00 | OK |
Version: 1.0.4
Check: HTML version of manual
Result: NOTE
Found the following HTML validation problems:
tree.plot.html:50:1 (tree.plot.Rd:12): Warning: missing </ul> before </div>
Flavors: r-devel-linux-x86_64-debian-clang, r-devel-linux-x86_64-debian-gcc