Last updated on 2025-10-21 23:51:08 CEST.
Flavor | Version | Tinstall | Tcheck | Ttotal | Status | Flags |
---|---|---|---|---|---|---|
r-devel-linux-x86_64-debian-clang | 0.16-2 | 147.22 | 64.62 | 211.84 | NOTE | |
r-devel-linux-x86_64-debian-gcc | 0.16-2 | 133.26 | 58.63 | 191.89 | NOTE | |
r-devel-linux-x86_64-fedora-clang | 0.16-2 | 114.00 | 219.89 | 333.89 | OK | |
r-devel-linux-x86_64-fedora-gcc | 0.16-2 | 157.00 | 289.57 | 446.57 | OK | |
r-devel-windows-x86_64 | 0.16-2 | 154.00 | 103.00 | 257.00 | OK | |
r-patched-linux-x86_64 | 0.16-2 | 181.74 | 73.90 | 255.64 | OK | |
r-release-linux-x86_64 | 0.16-2 | 177.32 | 73.89 | 251.21 | OK | |
r-release-macos-arm64 | 0.16-2 | 66.00 | 51.00 | 117.00 | OK | |
r-release-macos-x86_64 | 0.16-2 | 59.00 | 87.00 | 146.00 | OK | |
r-release-windows-x86_64 | 0.16-2 | 156.00 | 104.00 | 260.00 | OK | |
r-oldrel-macos-arm64 | 0.16-2 | 64.00 | 40.00 | 104.00 | NOTE | |
r-oldrel-macos-x86_64 | 0.16-2 | 99.00 | 114.00 | 213.00 | NOTE | |
r-oldrel-windows-x86_64 | 0.16-2 | 186.00 | 132.00 | 318.00 | OK |
Version: 0.16-2
Check: top-level files
Result: NOTE
Found the following validation problem for the NEWS.Rd HTML conversion:
NEWS.html:505:1 (inst/NEWS.Rd:256): Warning: missing </ul> before </div>
NEWS.html:40:1 (inst/NEWS.Rd:13): Warning: <h4> anchor "BUG-FIXES" already defined
NEWS.html:73:1 (inst/NEWS.Rd:32): Warning: <h4> anchor "NEW-FEATURES" already defined
NEWS.html:93:1 (inst/NEWS.Rd:42): Warning: <h4> anchor "BUG-FIXES" already defined
NEWS.html:115:1 (inst/NEWS.Rd:55): Warning: <h4> anchor "NEW-FEATURES" already defined
NEWS.html:134:1 (inst/NEWS.Rd:65): Warning: <h4> anchor "BUG-FIXES" already defined
NEWS.html:150:1 (inst/NEWS.Rd:74): Warning: <h4> anchor "NEW-FEATURES" already defined
NEWS.html:165:1 (inst/NEWS.Rd:81): Warning: <h4> anchor "BUG-FIXES" already defined
NEWS.html:180:1 (inst/NEWS.Rd:89): Warning: <h4> anchor "NEW-FEATURES" already defined
NEWS.html:201:1 (inst/NEWS.Rd:101): Warning: <h4> anchor "NEW-FEATURES" already defined
NEWS.html:215:1 (inst/NEWS.Rd:107): Warning: <h4> anchor "BUG-FIXES" already defined
NEWS.html:234:1 (inst/NEWS.Rd:117): Warning: <h4> anchor "BUG-FIXES" already defined
NEWS.html:250:1 (inst/NEWS.Rd:126): Warning: <h4> anchor "BUG-FIXES" already defined
NEWS.html:265:1 (inst/NEWS.Rd:134): Warning: <h4> anchor "BUG-FIXES" already defined
NEWS.html:280:1 (inst/NEWS.Rd:142): Warning: <h4> anchor "NEW-FEATURES" already defined
NEWS.html:299:1 (inst/NEWS.Rd:151): Warning: <h4> anchor "BUG-FIXES" already defined
NEWS.html:319:1 (inst/NEWS.Rd:162): Warning: <h4> anchor "NEW-FEATURES" already defined
NEWS.html:340:1 (inst/NEWS.Rd:175): Warning: <h4> anchor "BUG-FIXES" already defined
NEWS.html:363:1 (inst/NEWS.Rd:187): Warning: <h4> anchor "NEW-FEATURES" already defined
NEWS.html:383:1 (inst/NEWS.Rd:197): Warning: <h4> anchor "BUG-FIXES" already defined
NEWS.html:401:1 (inst/NEWS.Rd:206): Warning: <h4> anchor "NEW-FEATURES" already defined
NEWS.html:412:1 (inst/NEWS.Rd:211): Warning: <h4> anchor "BUG-FIXES" already defined
NEWS.html:433:1 (inst/NEWS.Rd:221): Warning: <h4> anchor "NEW-FEATURES" already defined
NEWS.html:444:1 (inst/NEWS.Rd:226): Warning: <h4> anchor "BUG-FIXES" already defined
NEWS.html:459:1 (inst/NEWS.Rd:234): Warning: <h4> anchor "NEW-FEATURES" already defined
NEWS.html:474:1 (inst/NEWS.Rd:242): Warning: <h4> anchor "NEW-FEATURES" already defined
NEWS.html:490:1 (inst/NEWS.Rd:251): Warning: <h4> anchor "NEW-FEATURES" already defined
Flavors: r-devel-linux-x86_64-debian-clang, r-devel-linux-x86_64-debian-gcc
Version: 0.16-2
Check: installed package size
Result: NOTE
installed size is 46.6Mb
sub-directories of 1Mb or more:
libs 46.0Mb
Flavors: r-oldrel-macos-arm64, r-oldrel-macos-x86_64