CRAN Package Check Results for Package RainfallErosivityFactor

Last updated on 2025-10-22 05:51:23 CEST.

Flavor Version Tinstall Tcheck Ttotal Status Flags
r-devel-linux-x86_64-debian-clang 1.0.0 2.70 27.96 30.66 NOTE
r-devel-linux-x86_64-debian-gcc 1.0.0 1.95 20.83 22.78 NOTE
r-devel-linux-x86_64-fedora-clang 1.0.0 45.48 OK
r-devel-linux-x86_64-fedora-gcc 1.0.0 43.25 OK
r-devel-windows-x86_64 1.0.0 3.00 45.00 48.00 OK
r-patched-linux-x86_64 1.0.0 2.64 26.23 28.87 OK
r-release-linux-x86_64 1.0.0 2.51 26.64 29.15 OK
r-release-macos-arm64 1.0.0 1.00 17.00 18.00 OK
r-release-macos-x86_64 1.0.0 2.00 27.00 29.00 OK
r-release-windows-x86_64 1.0.0 4.00 53.00 57.00 OK
r-oldrel-macos-arm64 1.0.0 1.00 16.00 17.00 OK
r-oldrel-macos-x86_64 1.0.0 2.00 23.00 25.00 OK
r-oldrel-windows-x86_64 1.0.0 3.00 46.00 49.00 OK

Check Details

Version: 1.0.0
Check: CRAN incoming feasibility
Result: NOTE Maintainer: ‘Dione Pereira Cardoso <cardoso.dione@gmail.com>’ No Authors@R field in DESCRIPTION. Please add one, modifying Authors@R: c(person(given = c("Dione", "Pereira"), family = "Cardoso", role = c("aut", "cre"), email = "cardoso.dione@gmail.com"), person(given = c("Edilson", "Marcelino"), family = "Silva", role = "aut"), person(given = c("Paulo", "Cesar"), family = "Ossani", role = "aut"), person(given = c("Marx", "Leandro", "Naves"), family = "Silva", role = "ctb"), person(given = c("Joel", "Augusto"), family = "Muniz", role = "ctb"), person(given = c("Daniel", "Furtado"), family = "Ferreira", role = "ctb"), person(given = c("Junior", "Cesar"), family = "Avanzi", role = "ctb")) as necessary. Found the following \keyword or \concept entries which likely give several index terms: File ‘RFactor.Rd’: \keyword{ Erosivity index; R-Factor; Universal S [TRUNCATED] File ‘RainFallExample.Rd’: \keyword{ Erosivity index; R-Factor; Universal [TRUNCATED] File ‘RainfallErosivityFactor.Rd’: \keyword{ Erosivity index; R-Factor; Universal S [TRUNCATED] Flavors: r-devel-linux-x86_64-debian-clang, r-devel-linux-x86_64-debian-gcc