Last updated on 2024-05-26 21:49:26 CEST.
Flavor | Version | Tinstall | Tcheck | Ttotal | Status | Flags |
---|---|---|---|---|---|---|
r-devel-linux-x86_64-debian-clang | 3.0.0 | 8.47 | 138.26 | 146.73 | NOTE | |
r-devel-linux-x86_64-debian-gcc | 3.0.0 | 5.55 | 101.93 | 107.48 | NOTE | |
r-devel-linux-x86_64-fedora-clang | 3.0.0 | 173.87 | NOTE | |||
r-devel-linux-x86_64-fedora-gcc | 3.0.0 | 178.89 | NOTE | |||
r-devel-windows-x86_64 | 3.0.0 | 7.00 | 168.00 | 175.00 | NOTE | |
r-patched-linux-x86_64 | 3.0.0 | 8.09 | 130.77 | 138.86 | NOTE | |
r-release-linux-x86_64 | 3.0.0 | 5.97 | 132.05 | 138.02 | NOTE | |
r-release-macos-arm64 | 3.0.0 | 51.00 | NOTE | |||
r-release-windows-x86_64 | 3.0.0 | 7.00 | 170.00 | 177.00 | NOTE | |
r-oldrel-macos-arm64 | 3.0.0 | 63.00 | OK | |||
r-oldrel-macos-x86_64 | 3.0.0 | 167.00 | OK | |||
r-oldrel-windows-x86_64 | 3.0.0 | 8.00 | 181.00 | 189.00 | OK |
Version: 3.0.0
Check: Rd files
Result: NOTE
checkRd: (-1) halfnorm.like.Rd:105: Lost braces; missing escapes or markup?
105 | {f(x|a,b,c_1,c_2,...,c_k) = f(x|a,b)(1 + c(1) h_i1(x) + c(2) h_i2(x) + ... + c(k) h_ik(x)). }
| ^
checkRd: (-1) secondDeriv.Rd:15: Lost braces
15 | This must be a function of the form FUN <- function(x, ...){...}
| ^
Flavors: r-devel-linux-x86_64-debian-clang, r-devel-linux-x86_64-debian-gcc, r-devel-linux-x86_64-fedora-clang, r-devel-linux-x86_64-fedora-gcc, r-devel-windows-x86_64, r-patched-linux-x86_64, r-release-linux-x86_64, r-release-macos-arm64, r-release-windows-x86_64