CRAN Package Check Results for Package ReAD

Last updated on 2025-10-21 17:49:59 CEST.

Flavor Version Tinstall Tcheck Ttotal Status Flags
r-devel-linux-x86_64-debian-clang 1.0.1 29.87 53.57 83.44 NOTE
r-devel-linux-x86_64-debian-gcc 1.0.1 20.55 38.65 59.20 NOTE
r-devel-linux-x86_64-fedora-clang 1.0.1 221.00 -54.86 166.14 NOTE
r-devel-linux-x86_64-fedora-gcc 1.0.1 65.00 67.63 132.63 NOTE
r-devel-windows-x86_64 1.0.1 35.00 84.00 119.00 NOTE
r-patched-linux-x86_64 1.0.1 28.89 50.56 79.45 NOTE
r-release-linux-x86_64 1.0.1 29.28 50.81 80.09 NOTE
r-release-macos-arm64 1.0.1 10.00 24.00 34.00 NOTE
r-release-macos-x86_64 1.0.1 25.00 37.00 62.00 NOTE
r-release-windows-x86_64 1.0.1 34.00 86.00 120.00 NOTE
r-oldrel-macos-arm64 1.0.1 11.00 22.00 33.00 NOTE
r-oldrel-macos-x86_64 1.0.1 15.00 29.00 44.00 NOTE
r-oldrel-windows-x86_64 1.0.1 41.00 106.00 147.00 NOTE

Check Details

Version: 1.0.1
Check: Rd files
Result: NOTE checkRd: (-1) ReAD.Rd:19: Lost braces; missing escapes or markup? 19 | \item{pi}{An estimate of the stationary probabilities of four states {(0,0), (0,1), (1,0), (1,1)}.} | ^ checkRd: (-1) em_hmm.Rd:22: Lost braces; missing escapes or markup? 22 | \item{pi}{An estimate of the stationary probabilities of four states {(0,0), (0,1), (1,0), (1,1)}.} | ^ Flavors: r-devel-linux-x86_64-debian-clang, r-devel-linux-x86_64-debian-gcc, r-devel-linux-x86_64-fedora-clang, r-devel-linux-x86_64-fedora-gcc, r-devel-windows-x86_64, r-patched-linux-x86_64, r-release-linux-x86_64, r-release-macos-arm64, r-release-macos-x86_64, r-release-windows-x86_64, r-oldrel-macos-arm64, r-oldrel-macos-x86_64, r-oldrel-windows-x86_64