Last updated on 2025-10-21 11:53:36 CEST.
Flavor | Version | Tinstall | Tcheck | Ttotal | Status | Flags |
---|---|---|---|---|---|---|
r-devel-linux-x86_64-debian-clang | 2.2.1 | 21.54 | 189.69 | 211.23 | NOTE | |
r-devel-linux-x86_64-debian-gcc | 2.2.1 | 14.91 | 132.11 | 147.02 | NOTE | |
r-devel-linux-x86_64-fedora-clang | 2.2.1 | 336.14 | OK | |||
r-devel-linux-x86_64-fedora-gcc | 2.2.1 | 46.00 | 286.72 | 332.72 | OK | |
r-devel-windows-x86_64 | 2.2.1 | 24.00 | 192.00 | 216.00 | OK | |
r-patched-linux-x86_64 | 2.2.1 | 20.87 | 177.90 | 198.77 | OK | |
r-release-linux-x86_64 | 2.2.1 | 20.21 | 177.56 | 197.77 | OK | |
r-release-macos-arm64 | 2.2.1 | 72.00 | OK | |||
r-release-macos-x86_64 | 2.2.1 | 27.00 | 145.00 | 172.00 | OK | |
r-release-windows-x86_64 | 2.2.1 | 22.00 | 191.00 | 213.00 | OK | |
r-oldrel-macos-arm64 | 2.2.1 | 77.00 | OK | |||
r-oldrel-macos-x86_64 | 2.2.1 | 146.00 | OK | |||
r-oldrel-windows-x86_64 | 2.2.1 | 31.00 | 252.00 | 283.00 | OK |
Version: 2.2.1
Check: HTML version of manual
Result: NOTE
Found the following HTML validation problems:
print.ResIN.html:51:1 (print.ResIN.Rd:12): Warning: missing </ul> before </div>
Flavors: r-devel-linux-x86_64-debian-clang, r-devel-linux-x86_64-debian-gcc