Last updated on 2025-10-24 11:50:56 CEST.
| Flavor | Version | Tinstall | Tcheck | Ttotal | Status | Flags |
|---|---|---|---|---|---|---|
| r-devel-linux-x86_64-debian-clang | 1.2.4 | 58.72 | 63.69 | 122.41 | NOTE | |
| r-devel-linux-x86_64-debian-gcc | 1.2.4 | 37.49 | 48.92 | 86.41 | NOTE | |
| r-devel-linux-x86_64-fedora-clang | 1.2.4 | 396.00 | -151.14 | 244.86 | OK | |
| r-devel-linux-x86_64-fedora-gcc | 1.2.4 | 110.00 | 103.88 | 213.88 | OK | |
| r-devel-windows-x86_64 | 1.2.4 | 63.00 | 105.00 | 168.00 | OK | |
| r-patched-linux-x86_64 | 1.2.4 | 55.36 | 59.66 | 115.02 | OK | |
| r-release-linux-x86_64 | 1.2.4 | 58.03 | 59.23 | 117.26 | OK | |
| r-release-macos-arm64 | 1.2.4 | 22.00 | 45.00 | 67.00 | OK | |
| r-release-macos-x86_64 | 1.2.4 | 30.00 | 72.00 | 102.00 | OK | |
| r-release-windows-x86_64 | 1.2.4 | 60.00 | 106.00 | 166.00 | OK | |
| r-oldrel-macos-arm64 | 1.2.4 | 21.00 | 47.00 | 68.00 | NOTE | |
| r-oldrel-macos-x86_64 | 1.2.4 | 52.00 | 143.00 | 195.00 | NOTE | |
| r-oldrel-windows-x86_64 | 1.2.4 | 62.00 | 124.00 | 186.00 | OK |
Version: 1.2.4
Check: CRAN incoming feasibility
Result: NOTE
Maintainer: ‘Dmitry Selivanov <selivanov.dmitriy@gmail.com>’
Found the following (possibly) invalid URLs:
URL: https://app.gitter.im/#/room/#RestRserve_community:gitter.im
From: README.md
Message: Invalid URL: '#' not allowed in fragment
Flavors: r-devel-linux-x86_64-debian-clang, r-devel-linux-x86_64-debian-gcc
Version: 1.2.4
Check: installed package size
Result: NOTE
installed size is 6.4Mb
sub-directories of 1Mb or more:
libs 3.5Mb
swagger 1.4Mb
Flavors: r-oldrel-macos-arm64, r-oldrel-macos-x86_64