Last updated on 2025-10-24 11:50:56 CEST.
| Flavor | Version | Tinstall | Tcheck | Ttotal | Status | Flags |
|---|---|---|---|---|---|---|
| r-devel-linux-x86_64-debian-clang | 1.2.0 | 2.73 | 31.73 | 34.46 | OK | |
| r-devel-linux-x86_64-debian-gcc | 1.2.0 | 2.19 | 22.65 | 24.84 | OK | |
| r-devel-linux-x86_64-fedora-clang | 1.2.0 | 17.00 | 40.03 | 57.03 | NOTE | |
| r-devel-linux-x86_64-fedora-gcc | 1.2.0 | 48.85 | NOTE | |||
| r-devel-windows-x86_64 | 1.2.0 | 4.00 | 48.00 | 52.00 | OK | |
| r-patched-linux-x86_64 | 1.2.0 | 2.83 | 28.96 | 31.79 | OK | |
| r-release-linux-x86_64 | 1.2.0 | 2.40 | 29.14 | 31.54 | OK | |
| r-release-macos-arm64 | 1.2.0 | 1.00 | 18.00 | 19.00 | OK | |
| r-release-macos-x86_64 | 1.2.0 | 3.00 | 30.00 | 33.00 | OK | |
| r-release-windows-x86_64 | 1.2.0 | 4.00 | 51.00 | 55.00 | OK | |
| r-oldrel-macos-arm64 | 1.2.0 | 1.00 | 16.00 | 17.00 | OK | |
| r-oldrel-macos-x86_64 | 1.2.0 | 3.00 | 25.00 | 28.00 | OK | |
| r-oldrel-windows-x86_64 | 1.2.0 | 5.00 | 63.00 | 68.00 | OK |
Version: 1.2.0
Check: dependencies in R code
Result: NOTE
Namespace in Imports field not imported from: ‘base’
All declared Imports should be used.
Flavors: r-devel-linux-x86_64-fedora-clang, r-devel-linux-x86_64-fedora-gcc