Last updated on 2025-10-21 11:53:37 CEST.
Flavor | Version | Tinstall | Tcheck | Ttotal | Status | Flags |
---|---|---|---|---|---|---|
r-devel-linux-x86_64-debian-clang | 1.3.2 | 30.46 | 185.34 | 215.80 | NOTE | |
r-devel-linux-x86_64-debian-gcc | 1.3.2 | 21.41 | 131.24 | 152.65 | NOTE | |
r-devel-linux-x86_64-fedora-clang | 1.3.2 | 344.05 | NOTE | |||
r-devel-linux-x86_64-fedora-gcc | 1.3.2 | 57.00 | 262.38 | 319.38 | NOTE | |
r-devel-windows-x86_64 | 1.3.2 | 33.00 | 196.00 | 229.00 | OK | |
r-patched-linux-x86_64 | 1.3.2 | 29.60 | 175.11 | 204.71 | OK | |
r-release-linux-x86_64 | 1.3.2 | 29.67 | 175.66 | 205.33 | OK | |
r-release-macos-arm64 | 1.3.2 | 91.00 | OK | |||
r-release-macos-x86_64 | 1.3.2 | 25.00 | 158.00 | 183.00 | OK | |
r-release-windows-x86_64 | 1.3.2 | 37.00 | 197.00 | 234.00 | OK | |
r-oldrel-macos-arm64 | 1.3.2 | 95.00 | OK | |||
r-oldrel-macos-x86_64 | 1.3.2 | 227.00 | OK | |||
r-oldrel-windows-x86_64 | 1.3.2 | 44.00 | 258.00 | 302.00 | OK |
Version: 1.3.2
Check: HTML version of manual
Result: NOTE
Found the following HTML validation problems:
detectCores.html:46:1 (detectCores.Rd:10): Warning: missing </ul> before </div>
getMergedDataset.html:57:1 (getMergedDataset.Rd:17): Warning: missing </ul> before </div>
ggplotClusters.html:52:1 (ggplotClusters.Rd:13): Warning: missing </ul> before </div>
ggplotCriterion.html:52:1 (ggplotCriterion.Rd:12): Warning: missing </ul> before </div>
ggplotLoadings.html:91:1 (ggplotLoadings.Rd:36): Warning: missing </ul> before </div>
ggplotPlotly.html:58:1 (ggplotPlotly.Rd:16): Warning: missing </ul> before </div>
ggplotScores.html:94:1 (ggplotScores.Rd:39): Warning: missing </ul> before </div>
plotClusters.html:64:1 (plotClusters.Rd:22): Warning: missing </ul> before </div>
plotCriterion.html:52:1 (plotCriterion.Rd:12): Warning: missing </ul> before </div>
plotLoadings.html:101:1 (plotLoadings.Rd:42): Warning: missing </ul> before </div>
plotScores.html:96:1 (plotScores.Rd:41): Warning: missing </ul> before </div>
setPPMbounds.html:50:1 (setPPMbounds.Rd:12): Warning: missing </ul> before </div>
Flavors: r-devel-linux-x86_64-debian-clang, r-devel-linux-x86_64-debian-gcc
Version: 1.3.2
Check: dependencies in R code
Result: NOTE
Namespace in Imports field not imported from: ‘impute’
All declared Imports should be used.
Flavors: r-devel-linux-x86_64-fedora-clang, r-devel-linux-x86_64-fedora-gcc