Last updated on 2025-10-21 17:50:00 CEST.
Flavor | Version | Tinstall | Tcheck | Ttotal | Status | Flags |
---|---|---|---|---|---|---|
r-devel-linux-x86_64-debian-clang | 0.1-3 | 7.13 | 21.32 | 28.45 | OK | |
r-devel-linux-x86_64-debian-gcc | 0.1-3 | 4.58 | 17.65 | 22.23 | OK | |
r-devel-linux-x86_64-fedora-clang | 0.1-3 | 48.00 | -1.79 | 46.21 | OK | |
r-devel-linux-x86_64-fedora-gcc | 0.1-3 | 15.00 | 25.62 | 40.62 | OK | |
r-devel-windows-x86_64 | 0.1-3 | 43.00 | 179.00 | 222.00 | OK | |
r-patched-linux-x86_64 | 0.1-3 | 5.42 | 20.32 | 25.74 | OK | |
r-release-linux-x86_64 | 0.1-3 | 4.78 | 20.50 | 25.28 | OK | |
r-release-macos-arm64 | 0.1-3 | 9.00 | 12.00 | 21.00 | OK | |
r-release-macos-x86_64 | 0.1-3 | 17.00 | 21.00 | 38.00 | OK | |
r-release-windows-x86_64 | 0.1-3 | 42.00 | 171.00 | 213.00 | OK | |
r-oldrel-macos-arm64 | 0.1-3 | 11.00 | 15.00 | 26.00 | NOTE | |
r-oldrel-macos-x86_64 | 0.1-3 | 23.00 | 32.00 | 55.00 | NOTE | |
r-oldrel-windows-x86_64 | 0.1-3 | 46.00 | 160.00 | 206.00 | NOTE |
Version: 0.1-3
Check: installed package size
Result: NOTE
installed size is 49.3Mb
sub-directories of 1Mb or more:
libs 49.2Mb
Flavors: r-oldrel-macos-arm64, r-oldrel-macos-x86_64, r-oldrel-windows-x86_64