CRAN Package Check Results for Package Rspc

Last updated on 2025-10-21 23:51:08 CEST.

Flavor Version Tinstall Tcheck Ttotal Status Flags
r-devel-linux-x86_64-debian-clang 1.2.2 2.26 24.99 27.25 OK
r-devel-linux-x86_64-debian-gcc 1.2.2 1.71 20.33 22.04 OK
r-devel-linux-x86_64-fedora-clang 1.2.2 16.00 27.49 43.49 OK
r-devel-linux-x86_64-fedora-gcc 1.2.2 53.85 OK
r-devel-windows-x86_64 1.2.2 4.00 43.00 47.00 OK
r-patched-linux-x86_64 1.2.2 2.40 22.79 25.19 OK
r-release-linux-x86_64 1.2.2 2.02 22.93 24.95 OK
r-release-macos-arm64 1.2.2 1.00 25.00 26.00 OK
r-release-macos-x86_64 1.2.2 3.00 57.00 60.00 OK
r-release-windows-x86_64 1.2.2 4.00 45.00 49.00 OK
r-oldrel-macos-arm64 1.2.2 1.00 22.00 23.00 NOTE
r-oldrel-macos-x86_64 1.2.2 2.00 30.00 32.00 NOTE
r-oldrel-windows-x86_64 1.2.2 4.00 52.00 56.00 NOTE

Check Details

Version: 1.2.2
Check: LazyData
Result: NOTE 'LazyData' is specified without a 'data' directory Flavors: r-oldrel-macos-arm64, r-oldrel-macos-x86_64, r-oldrel-windows-x86_64