CRAN Package Check Results for Package Rvcg

Last updated on 2025-10-21 23:51:08 CEST.

Flavor Version Tinstall Tcheck Ttotal Status Flags
r-devel-linux-x86_64-debian-clang 0.25 541.43 46.23 587.66 NOTE
r-devel-linux-x86_64-debian-gcc 0.25 384.88 42.15 427.03 NOTE
r-devel-linux-x86_64-fedora-clang 0.25 960.00 325.64 1285.64 OK
r-devel-linux-x86_64-fedora-gcc 0.25 393.00 796.33 1189.33 OK
r-devel-windows-x86_64 0.25 607.00 121.00 728.00 OK
r-patched-linux-x86_64 0.25 579.39 55.33 634.72 OK
r-release-linux-x86_64 0.25 581.60 55.57 637.17 OK
r-release-macos-arm64 0.25 206.00 27.00 233.00 OK
r-release-macos-x86_64 0.25 173.00 48.00 221.00 OK
r-release-windows-x86_64 0.25 620.00 123.00 743.00 OK
r-oldrel-macos-arm64 0.25 170.00 42.00 212.00 NOTE
r-oldrel-macos-x86_64 0.25 165.00 80.00 245.00 NOTE
r-oldrel-windows-x86_64 0.25 734.00 144.00 878.00 OK

Check Details

Version: 0.25
Check: top-level files
Result: NOTE Found the following validation problem for the NEWS.Rd HTML conversion: NEWS.html:528:1 (inst/NEWS.Rd:259): Warning: missing </ul> before </div> NEWS.html:53:1 (inst/NEWS.Rd:23): Warning: <h4> anchor "bug-fixed" already defined NEWS.html:71:1 (inst/NEWS.Rd:32): Warning: <h4> anchor "bug-fixed" already defined NEWS.html:134:1 (inst/NEWS.Rd:65): Warning: <h4> anchor "small-changes-and-fixes" already defined NEWS.html:158:1 (inst/NEWS.Rd:77): Warning: <h4> anchor "small-changes-and-fixes" already defined NEWS.html:176:1 (inst/NEWS.Rd:87): Warning: <h4> anchor "new-features" already defined NEWS.html:205:1 (inst/NEWS.Rd:101): Warning: <h4> anchor "new-features" already defined NEWS.html:223:1 (inst/NEWS.Rd:111): Warning: <h4> anchor "new-features" already defined NEWS.html:284:1 (inst/NEWS.Rd:142): Warning: <h4> anchor "bug-fixes" already defined NEWS.html:300:1 (inst/NEWS.Rd:151): Warning: <h4> anchor "bug-fixes" already defined NEWS.html:315:1 (inst/NEWS.Rd:159): Warning: <h4> anchor "bug-fixes" already defined NEWS.html:330:1 (inst/NEWS.Rd:168): Warning: <h4> anchor "new-features" already defined NEWS.html:365:1 (inst/NEWS.Rd:184): Warning: <h4> anchor "bug-fixes" already defined NEWS.html:383:1 (inst/NEWS.Rd:193): Warning: <h4> anchor "new-features" already defined NEWS.html:400:1 (inst/NEWS.Rd:200): Warning: <h4> anchor "bug-fixes" already defined NEWS.html:418:1 (inst/NEWS.Rd:210): Warning: <h4> anchor "new-features" already defined NEWS.html:435:1 (inst/NEWS.Rd:217): Warning: <h4> anchor "bug-fixes" already defined NEWS.html:456:1 (inst/NEWS.Rd:228): Warning: <h4> anchor "bug-fixes" already defined Flavors: r-devel-linux-x86_64-debian-clang, r-devel-linux-x86_64-debian-gcc

Version: 0.25
Check: HTML version of manual
Result: NOTE Found the following HTML validation problems: meshInfo.html:46:1 (meshInfo.Rd:10): Warning: missing </ul> before </div> vcgPlatonic.html:88:1 (vcgPlatonic.Rd:49): Warning: missing </ul> before </div> Flavors: r-devel-linux-x86_64-debian-clang, r-devel-linux-x86_64-debian-gcc

Version: 0.25
Check: installed package size
Result: NOTE installed size is 48.4Mb sub-directories of 1Mb or more: libs 47.2Mb Flavors: r-oldrel-macos-arm64, r-oldrel-macos-x86_64