Last updated on 2025-10-21 17:50:01 CEST.
Flavor | Version | Tinstall | Tcheck | Ttotal | Status | Flags |
---|---|---|---|---|---|---|
r-devel-linux-x86_64-debian-clang | 2.6-5 | 20.16 | 85.93 | 106.09 | NOTE | |
r-devel-linux-x86_64-debian-gcc | 2.6-5 | 15.28 | 60.90 | 76.18 | NOTE | |
r-devel-linux-x86_64-fedora-clang | 2.6-5 | 120.00 | 46.27 | 166.27 | OK | |
r-devel-linux-x86_64-fedora-gcc | 2.6-5 | 42.00 | 116.30 | 158.30 | OK | |
r-devel-windows-x86_64 | 2.6-5 | 37.00 | 121.00 | 158.00 | OK | |
r-patched-linux-x86_64 | 2.6-5 | 20.96 | 80.54 | 101.50 | OK | |
r-release-linux-x86_64 | 2.6-5 | 18.45 | 81.00 | 99.45 | OK | |
r-release-macos-arm64 | 2.6-5 | 9.00 | 39.00 | 48.00 | OK | |
r-release-macos-x86_64 | 2.6-5 | 12.00 | 69.00 | 81.00 | OK | |
r-release-windows-x86_64 | 2.6-5 | 40.00 | 122.00 | 162.00 | OK | |
r-oldrel-macos-arm64 | 2.6-5 | 9.00 | 36.00 | 45.00 | OK | |
r-oldrel-macos-x86_64 | 2.6-5 | 10.00 | 55.00 | 65.00 | OK | |
r-oldrel-windows-x86_64 | 2.6-5 | 35.00 | 120.00 | 155.00 | OK |
Version: 2.6-5
Check: HTML version of manual
Result: NOTE
Found the following HTML validation problems:
npl.html:49:1 (npl.Rd:14): Warning: missing </ul> before </div>
Flavors: r-devel-linux-x86_64-debian-clang, r-devel-linux-x86_64-debian-gcc