CRAN Package Check Results for Package SAutomata

Last updated on 2025-10-21 23:51:09 CEST.

Flavor Version Tinstall Tcheck Ttotal Status Flags
r-devel-linux-x86_64-debian-clang 0.1.0 2.08 27.62 29.70 OK
r-devel-linux-x86_64-debian-gcc 0.1.0 1.57 19.69 21.26 OK
r-devel-linux-x86_64-fedora-clang 0.1.0 16.00 33.38 49.38 OK
r-devel-linux-x86_64-fedora-gcc 0.1.0 43.18 OK
r-devel-windows-x86_64 0.1.0 3.00 42.00 45.00 OK
r-patched-linux-x86_64 0.1.0 2.18 25.57 27.75 OK
r-release-linux-x86_64 0.1.0 1.94 25.20 27.14 OK
r-release-macos-arm64 0.1.0 1.00 16.00 17.00 OK
r-release-macos-x86_64 0.1.0 2.00 29.00 31.00 OK
r-release-windows-x86_64 0.1.0 3.00 43.00 46.00 OK
r-oldrel-macos-arm64 0.1.0 1.00 14.00 15.00 NOTE
r-oldrel-macos-x86_64 0.1.0 2.00 22.00 24.00 NOTE
r-oldrel-windows-x86_64 0.1.0 3.00 42.00 45.00 NOTE

Check Details

Version: 0.1.0
Check: LazyData
Result: NOTE 'LazyData' is specified without a 'data' directory Flavors: r-oldrel-macos-arm64, r-oldrel-macos-x86_64, r-oldrel-windows-x86_64