CRAN Package Check Results for Package SCOPRO

Last updated on 2025-10-24 11:50:57 CEST.

Flavor Version Tinstall Tcheck Ttotal Status Flags
r-devel-linux-x86_64-debian-clang 0.1.0 1.88 32.71 34.59 NOTE
r-devel-linux-x86_64-debian-gcc 0.1.0 1.66 25.70 27.36 NOTE
r-devel-linux-x86_64-fedora-clang 0.1.0 16.00 40.08 56.08 OK
r-devel-linux-x86_64-fedora-gcc 0.1.0 66.85 OK
r-devel-windows-x86_64 0.1.0 4.00 49.00 53.00 OK
r-patched-linux-x86_64 0.1.0 1.89 29.54 31.43 OK
r-release-linux-x86_64 0.1.0 1.97 30.08 32.05 OK
r-release-macos-arm64 0.1.0 1.00 25.00 26.00 OK
r-release-macos-x86_64 0.1.0 2.00 42.00 44.00 OK
r-release-windows-x86_64 0.1.0 4.00 50.00 54.00 OK
r-oldrel-macos-arm64 0.1.0 1.00 25.00 26.00 OK
r-oldrel-macos-x86_64 0.1.0 2.00 34.00 36.00 OK
r-oldrel-windows-x86_64 0.1.0 4.00 58.00 62.00 OK

Check Details

Version: 0.1.0
Check: CRAN incoming feasibility
Result: NOTE Maintainer: ‘Gabriele Lubatti <gabriele.lubatti@helmholtz-muenchen.de>’ No Authors@R field in DESCRIPTION. Please add one, modifying Authors@R: person(given = "Gabriele", family = "Lubatti", role = c("aut", "cre"), email = "gabriele.lubatti@helmholtz-muenchen.de") as necessary. Flavors: r-devel-linux-x86_64-debian-clang, r-devel-linux-x86_64-debian-gcc