CRAN Package Check Results for Package SCRT

Last updated on 2025-10-21 23:51:09 CEST.

Flavor Version Tinstall Tcheck Ttotal Status Flags
r-devel-linux-x86_64-debian-clang 1.3.1 8.04 40.08 48.12 NOTE
r-devel-linux-x86_64-debian-gcc 1.3.1 4.78 27.69 32.47 NOTE
r-devel-linux-x86_64-fedora-clang 1.3.1 54.00 27.44 81.44 OK
r-devel-linux-x86_64-fedora-gcc 1.3.1 19.00 52.77 71.77 OK
r-devel-windows-x86_64 1.3.1 8.00 51.00 59.00 OK
r-patched-linux-x86_64 1.3.1 8.00 37.52 45.52 OK
r-release-linux-x86_64 1.3.1 7.42 38.00 45.42 OK
r-release-macos-arm64 1.3.1 4.00 28.00 32.00 OK
r-release-macos-x86_64 1.3.1 7.00 31.00 38.00 OK
r-release-windows-x86_64 1.3.1 8.00 54.00 62.00 OK
r-oldrel-macos-arm64 1.3.1 3.00 16.00 19.00 OK
r-oldrel-macos-x86_64 1.3.1 5.00 28.00 33.00 OK
r-oldrel-windows-x86_64 1.3.1 8.00 52.00 60.00 OK

Check Details

Version: 1.3.1
Check: CRAN incoming feasibility
Result: NOTE Maintainer: ‘Tamal Kumar De <tamalkumar.de@kuleuven.be>’ No Authors@R field in DESCRIPTION. Please add one, modifying Authors@R: c(person(given = "Isis", family = "Bulte", role = "aut"), person(given = c("Tamal", "Kumar"), family = "De", role = c("aut", "cre"), email = "tamalkumar.de@kuleuven.be"), person(given = "Patrick", family = "Onghena", role = "aut")) as necessary. Flavors: r-devel-linux-x86_64-debian-clang, r-devel-linux-x86_64-debian-gcc