CRAN Package Check Results for Package SCperf

Last updated on 2025-10-23 05:52:07 CEST.

Flavor Version Tinstall Tcheck Ttotal Status Flags
r-devel-linux-x86_64-debian-clang 1.1.1 2.09 21.07 23.16 NOTE
r-devel-linux-x86_64-debian-gcc 1.1.1 1.54 17.04 18.58 NOTE
r-devel-linux-x86_64-fedora-clang 1.1.1 12.00 24.04 36.04 OK
r-devel-linux-x86_64-fedora-gcc 1.1.1 32.94 OK
r-devel-windows-x86_64 1.1.1 4.00 40.00 44.00 OK
r-patched-linux-x86_64 1.1.1 2.21 19.89 22.10 OK
r-release-linux-x86_64 1.1.1 2.01 19.82 21.83 OK
r-release-macos-arm64 1.1.1 1.00 29.00 30.00 OK
r-release-macos-x86_64 1.1.1 2.00 29.00 31.00 OK
r-release-windows-x86_64 1.1.1 3.00 42.00 45.00 OK
r-oldrel-macos-arm64 1.1.1 1.00 13.00 14.00 NOTE
r-oldrel-macos-x86_64 1.1.1 3.00 22.00 25.00 NOTE
r-oldrel-windows-x86_64 1.1.1 3.00 41.00 44.00 NOTE

Check Details

Version: 1.1.1
Check: CRAN incoming feasibility
Result: NOTE Maintainer: ‘Marlene Marchena <marchenamarlene@gmail.com>’ No Authors@R field in DESCRIPTION. Please add one, modifying Authors@R: person(given = "Marlene", family = "Marchena", role = c("aut", "cre"), email = "marchenamarlene@gmail.com") as necessary. The Description field contains <arXiv:1009.3977>. Please refer to arXiv e-prints via their arXiv DOI <doi:10.48550/arXiv.YYMM.NNNNN>. Flavors: r-devel-linux-x86_64-debian-clang, r-devel-linux-x86_64-debian-gcc

Version: 1.1.1
Check: LazyData
Result: NOTE 'LazyData' is specified without a 'data' directory Flavors: r-oldrel-macos-arm64, r-oldrel-macos-x86_64, r-oldrel-windows-x86_64