Last updated on 2025-10-22 11:51:24 CEST.
Flavor | Version | Tinstall | Tcheck | Ttotal | Status | Flags |
---|---|---|---|---|---|---|
r-devel-linux-x86_64-debian-clang | 0.1.1 | 14.98 | 64.30 | 79.28 | NOTE | |
r-devel-linux-x86_64-debian-gcc | 0.1.1 | 11.21 | 47.82 | 59.03 | NOTE | |
r-devel-linux-x86_64-fedora-clang | 0.1.1 | 115.00 | 20.20 | 135.20 | OK | |
r-devel-linux-x86_64-fedora-gcc | 0.1.1 | 41.00 | 78.30 | 119.30 | OK | |
r-devel-windows-x86_64 | 0.1.1 | 19.00 | 85.00 | 104.00 | OK | |
r-patched-linux-x86_64 | 0.1.1 | 14.57 | 59.63 | 74.20 | OK | |
r-release-linux-x86_64 | 0.1.1 | 13.39 | 59.50 | 72.89 | OK | |
r-release-macos-arm64 | 0.1.1 | 10.00 | 37.00 | 47.00 | OK | |
r-release-macos-x86_64 | 0.1.1 | 14.00 | 66.00 | 80.00 | OK | |
r-release-windows-x86_64 | 0.1.1 | 19.00 | 85.00 | 104.00 | OK | |
r-oldrel-macos-arm64 | 0.1.1 | 8.00 | 29.00 | 37.00 | NOTE | |
r-oldrel-macos-x86_64 | 0.1.1 | 11.00 | 45.00 | 56.00 | NOTE | |
r-oldrel-windows-x86_64 | 0.1.1 | 24.00 | 107.00 | 131.00 | NOTE |
Version: 0.1.1
Check: CRAN incoming feasibility
Result: NOTE
Maintainer: ‘Jie Qiao <qiaojie2004@vip.qq.com>’
Package CITATION file contains call(s) to old-style personList() or
as.personList(). Please use c() on person objects instead.
Package CITATION file contains call(s) to old-style citEntry(). Please
use bibentry() instead.
Flavors: r-devel-linux-x86_64-debian-clang, r-devel-linux-x86_64-debian-gcc
Version: 0.1.1
Check: HTML version of manual
Result: NOTE
Found the following HTML validation problems:
mmpcAnm.html:46:1 (mmpcAnm.Rd:10): Warning: missing </ul> before </div>
Flavors: r-devel-linux-x86_64-debian-clang, r-devel-linux-x86_64-debian-gcc
Version: 0.1.1
Check: LazyData
Result: NOTE
'LazyData' is specified without a 'data' directory
Flavors: r-oldrel-macos-arm64, r-oldrel-macos-x86_64, r-oldrel-windows-x86_64