Last updated on 2025-10-21 11:53:39 CEST.
Flavor | Version | Tinstall | Tcheck | Ttotal | Status | Flags |
---|---|---|---|---|---|---|
r-devel-linux-x86_64-debian-clang | 0.4.1 | 29.68 | 198.55 | 228.23 | NOTE | |
r-devel-linux-x86_64-debian-gcc | 0.4.1 | 17.72 | 135.18 | 152.90 | NOTE | |
r-devel-linux-x86_64-fedora-clang | 0.4.1 | 357.20 | OK | |||
r-devel-linux-x86_64-fedora-gcc | 0.4.1 | 61.00 | 252.83 | 313.83 | OK | |
r-devel-windows-x86_64 | 0.4.1 | 34.00 | 213.00 | 247.00 | OK | |
r-patched-linux-x86_64 | 0.4.1 | 27.68 | 168.11 | 195.79 | OK | |
r-release-linux-x86_64 | 0.4.1 | 25.49 | 163.00 | 188.49 | OK | |
r-release-macos-arm64 | 0.4.1 | 101.00 | OK | |||
r-release-macos-x86_64 | 0.4.1 | 31.00 | 162.00 | 193.00 | OK | |
r-release-windows-x86_64 | 0.4.1 | 34.00 | 212.00 | 246.00 | OK | |
r-oldrel-macos-arm64 | 0.4.1 | 91.00 | OK | |||
r-oldrel-macos-x86_64 | 0.4.1 | 186.00 | OK | |||
r-oldrel-windows-x86_64 | 0.4.1 | 41.00 | 272.00 | 313.00 | OK |
Version: 0.4.1
Check: HTML version of manual
Result: NOTE
Found the following HTML validation problems:
SimParamBee.html:448:1 (SimParamBee.Rd:459): Warning: <h5> anchor "Usage" already defined
SimParamBee.html:454:1 (SimParamBee.Rd:463): Warning: <h5> anchor "Arguments" already defined
SimParamBee.html:470:1 (SimParamBee.Rd:473): Warning: <h5> anchor "Examples" already defined
SimParamBee.html:503:1 (SimParamBee.Rd:501): Warning: <h5> anchor "Usage" already defined
SimParamBee.html:509:1 (SimParamBee.Rd:505): Warning: <h5> anchor "Arguments" already defined
SimParamBee.html:525:1 (SimParamBee.Rd:515): Warning: <h5> anchor "Examples" already defined
SimParamBee.html:558:1 (SimParamBee.Rd:543): Warning: <h5> anchor "Usage" already defined
SimParamBee.html:564:1 (SimParamBee.Rd:547): Warning: <h5> anchor "Arguments" already defined
SimParamBee.html:587:1 (SimParamBee.Rd:560): Warning: <h5> anchor "Usage" already defined
SimParamBee.html:593:1 (SimParamBee.Rd:564): Warning: <h5> anchor "Arguments" already defined
combineNULLAndPop.html:53:1 (combineNULLAndPop.Rd:12): Warning: missing </ul> before </div>
Flavors: r-devel-linux-x86_64-debian-clang, r-devel-linux-x86_64-debian-gcc