Last updated on 2025-10-25 06:49:55 CEST.
| Flavor | Version | Tinstall | Tcheck | Ttotal | Status | Flags |
|---|---|---|---|---|---|---|
| r-devel-linux-x86_64-debian-clang | 0.1.0 | 3.86 | 36.79 | 40.65 | OK | |
| r-devel-linux-x86_64-debian-gcc | 0.1.0 | 2.39 | 26.43 | 28.82 | OK | |
| r-devel-linux-x86_64-fedora-clang | 0.1.0 | 25.00 | 40.33 | 65.33 | OK | |
| r-devel-linux-x86_64-fedora-gcc | 0.1.0 | 60.64 | OK | |||
| r-devel-windows-x86_64 | 0.1.0 | 4.00 | 50.00 | 54.00 | OK | |
| r-patched-linux-x86_64 | 0.1.0 | 3.25 | 33.97 | 37.22 | OK | |
| r-release-linux-x86_64 | 0.1.0 | 3.45 | 34.63 | 38.08 | OK | |
| r-release-macos-arm64 | 0.1.0 | 2.00 | 18.00 | 20.00 | OK | |
| r-release-macos-x86_64 | 0.1.0 | 3.00 | 37.00 | 40.00 | OK | |
| r-release-windows-x86_64 | 0.1.0 | 4.00 | 51.00 | 55.00 | OK | |
| r-oldrel-macos-arm64 | 0.1.0 | 2.00 | 20.00 | 22.00 | NOTE | |
| r-oldrel-macos-x86_64 | 0.1.0 | 2.00 | 32.00 | 34.00 | NOTE | |
| r-oldrel-windows-x86_64 | 0.1.0 | 5.00 | 62.00 | 67.00 | NOTE |
Version: 0.1.0
Check: LazyData
Result: NOTE
'LazyData' is specified without a 'data' directory
Flavors: r-oldrel-macos-arm64, r-oldrel-macos-x86_64, r-oldrel-windows-x86_64