Last updated on 2025-10-21 11:53:39 CEST.
Flavor | Version | Tinstall | Tcheck | Ttotal | Status | Flags |
---|---|---|---|---|---|---|
r-devel-linux-x86_64-debian-clang | 0.0.9 | 11.18 | 36.46 | 47.64 | NOTE | |
r-devel-linux-x86_64-debian-gcc | 0.0.9 | 7.52 | 28.01 | 35.53 | NOTE | |
r-devel-linux-x86_64-fedora-clang | 0.0.9 | 84.15 | NOTE | |||
r-devel-linux-x86_64-fedora-gcc | 0.0.9 | 28.00 | 46.23 | 74.23 | NOTE | |
r-devel-windows-x86_64 | 0.0.9 | 16.00 | 73.00 | 89.00 | NOTE | |
r-patched-linux-x86_64 | 0.0.9 | 12.09 | 35.27 | 47.36 | NOTE | |
r-release-linux-x86_64 | 0.0.9 | 10.33 | 34.41 | 44.74 | NOTE | |
r-release-macos-arm64 | 0.0.9 | 26.00 | NOTE | |||
r-release-macos-x86_64 | 0.0.9 | 12.00 | 34.00 | 46.00 | NOTE | |
r-release-windows-x86_64 | 0.0.9 | 21.00 | 72.00 | 93.00 | NOTE | |
r-oldrel-macos-arm64 | 0.0.9 | 28.00 | NOTE | |||
r-oldrel-macos-x86_64 | 0.0.9 | 41.00 | NOTE | |||
r-oldrel-windows-x86_64 | 0.0.9 | 20.00 | 92.00 | 112.00 | NOTE |
Version: 0.0.9
Check: C++ specification
Result: NOTE
Specified C++11: please drop specification unless essential
Flavors: r-devel-linux-x86_64-debian-clang, r-devel-linux-x86_64-debian-gcc, r-devel-linux-x86_64-fedora-clang, r-devel-linux-x86_64-fedora-gcc, r-devel-windows-x86_64, r-patched-linux-x86_64, r-release-linux-x86_64, r-release-macos-arm64, r-release-macos-x86_64, r-release-windows-x86_64, r-oldrel-macos-arm64, r-oldrel-macos-x86_64, r-oldrel-windows-x86_64
Version: 0.0.9
Check: HTML version of manual
Result: NOTE
Found the following HTML validation problems:
SMITIDvisu-shiny.html:80:1 (SMITIDvisu-shiny.Rd:44): Warning: missing </ul> before </div>
Flavors: r-devel-linux-x86_64-debian-clang, r-devel-linux-x86_64-debian-gcc