Last updated on 2025-10-24 18:50:09 CEST.
| Flavor | Version | Tinstall | Tcheck | Ttotal | Status | Flags |
|---|---|---|---|---|---|---|
| r-devel-linux-x86_64-debian-clang | 1.0 | 1.51 | 23.91 | 25.42 | NOTE | |
| r-devel-linux-x86_64-debian-gcc | 1.0 | 1.48 | 18.47 | 19.95 | NOTE | |
| r-devel-linux-x86_64-fedora-clang | 1.0 | 39.42 | OK | |||
| r-devel-linux-x86_64-fedora-gcc | 1.0 | 35.25 | OK | |||
| r-devel-windows-x86_64 | 1.0 | 3.00 | 40.00 | 43.00 | OK | |
| r-patched-linux-x86_64 | 1.0 | 1.88 | 22.28 | 24.16 | OK | |
| r-release-linux-x86_64 | 1.0 | 1.73 | 22.73 | 24.46 | OK | |
| r-release-macos-arm64 | 1.0 | 1.00 | 16.00 | 17.00 | OK | |
| r-release-macos-x86_64 | 1.0 | 2.00 | 23.00 | 25.00 | OK | |
| r-release-windows-x86_64 | 1.0 | 3.00 | 43.00 | 46.00 | OK | |
| r-oldrel-macos-arm64 | 1.0 | 1.00 | 15.00 | 16.00 | OK | |
| r-oldrel-macos-x86_64 | 1.0 | 2.00 | 23.00 | 25.00 | OK | |
| r-oldrel-windows-x86_64 | 1.0 | 2.00 | 49.00 | 51.00 | OK |
Version: 1.0
Check: CRAN incoming feasibility
Result: NOTE
Maintainer: ‘Ning Hao <nhao@math.arizona.edu>’
No Authors@R field in DESCRIPTION.
Please add one, modifying
Authors@R: c(person(given = c("Yue", "S."),
family = "Niu",
role = "aut"),
person(given = "Ning",
family = "Hao",
role = c("aut", "cre"),
email = "nhao@math.arizona.edu"),
person(given = "Bin",
family = "Dong",
role = "aut"))
as necessary.
Flavors: r-devel-linux-x86_64-debian-clang, r-devel-linux-x86_64-debian-gcc