CRAN Package Check Results for Package STARTdesign

Last updated on 2025-10-22 05:51:28 CEST.

Flavor Version Tinstall Tcheck Ttotal Status Flags
r-devel-linux-x86_64-debian-clang 1.0 10.20 26.34 36.54 NOTE
r-devel-linux-x86_64-debian-gcc 1.0 6.28 21.54 27.82 NOTE
r-devel-linux-x86_64-fedora-clang 1.0 28.00 31.81 59.81 OK
r-devel-linux-x86_64-fedora-gcc 1.0 22.00 32.57 54.57 OK
r-devel-windows-x86_64 1.0 13.00 61.00 74.00 OK
r-patched-linux-x86_64 1.0 9.70 25.50 35.20 OK
r-release-linux-x86_64 1.0 9.26 25.55 34.81 OK
r-release-macos-arm64 1.0 5.00 17.00 22.00 OK
r-release-macos-x86_64 1.0 8.00 26.00 34.00 OK
r-release-windows-x86_64 1.0 14.00 68.00 82.00 OK
r-oldrel-macos-arm64 1.0 6.00 15.00 21.00 OK
r-oldrel-macos-x86_64 1.0 7.00 22.00 29.00 OK
r-oldrel-windows-x86_64 1.0 15.00 71.00 86.00 OK

Check Details

Version: 1.0
Check: CRAN incoming feasibility
Result: NOTE Maintainer: ‘Haolun Shi <shl2003@connect.hku.hk>’ No Authors@R field in DESCRIPTION. Please add one, modifying Authors@R: c(person(given = "Haolun", family = "Shi", role = c("aut", "cre"), email = "shl2003@connect.hku.hk"), person(given = "Guosheng", family = "Yin", role = "aut")) as necessary. Flavors: r-devel-linux-x86_64-debian-clang, r-devel-linux-x86_64-debian-gcc