Last updated on 2025-10-21 17:50:03 CEST.
Flavor | Version | Tinstall | Tcheck | Ttotal | Status | Flags |
---|---|---|---|---|---|---|
r-devel-linux-x86_64-debian-clang | 0.6.6 | 9.94 | 69.05 | 78.99 | NOTE | |
r-devel-linux-x86_64-debian-gcc | 0.6.6 | 7.01 | 52.49 | 59.50 | NOTE | |
r-devel-linux-x86_64-fedora-clang | 0.6.6 | 21.00 | 100.92 | 121.92 | OK | |
r-devel-linux-x86_64-fedora-gcc | 0.6.6 | 21.00 | 96.54 | 117.54 | OK | |
r-devel-windows-x86_64 | 0.6.6 | 12.00 | 81.00 | 93.00 | OK | |
r-patched-linux-x86_64 | 0.6.6 | 9.83 | 67.74 | 77.57 | OK | |
r-release-linux-x86_64 | 0.6.6 | 7.58 | 66.97 | 74.55 | OK | |
r-release-macos-arm64 | 0.6.6 | 7.00 | 30.00 | 37.00 | OK | |
r-release-macos-x86_64 | 0.6.6 | 10.00 | 55.00 | 65.00 | OK | |
r-release-windows-x86_64 | 0.6.6 | 13.00 | 82.00 | 95.00 | OK | |
r-oldrel-macos-arm64 | 0.6.6 | 7.00 | 35.00 | 42.00 | OK | |
r-oldrel-macos-x86_64 | 0.6.6 | 13.00 | 70.00 | 83.00 | OK | |
r-oldrel-windows-x86_64 | 0.6.6 | 16.00 | 102.00 | 118.00 | OK |
Version: 0.6.6
Check: HTML version of manual
Result: NOTE
Found the following HTML validation problems:
stb.html:55:1 (stb.Rd:13): Warning: missing </ul> before </div>
Flavors: r-devel-linux-x86_64-debian-clang, r-devel-linux-x86_64-debian-gcc