Last updated on 2025-10-22 17:49:53 CEST.
Flavor | Version | Tinstall | Tcheck | Ttotal | Status | Flags |
---|---|---|---|---|---|---|
r-devel-linux-x86_64-debian-clang | 2.3.1 | 12.33 | 136.94 | 149.27 | NOTE | |
r-devel-linux-x86_64-debian-gcc | 2.3.1 | 10.06 | 95.35 | 105.41 | NOTE | |
r-devel-linux-x86_64-fedora-clang | 2.3.1 | 13.00 | 114.20 | 127.20 | OK | |
r-devel-linux-x86_64-fedora-gcc | 2.3.1 | 28.00 | 205.54 | 233.54 | OK | |
r-devel-windows-x86_64 | 2.3.1 | 16.00 | 135.00 | 151.00 | OK | |
r-patched-linux-x86_64 | 2.3.1 | 13.40 | 126.72 | 140.12 | OK | |
r-release-linux-x86_64 | 2.3.1 | 13.06 | 128.43 | 141.49 | OK | |
r-release-macos-arm64 | 2.3.1 | 6.00 | 63.00 | 69.00 | OK | |
r-release-macos-x86_64 | 2.3.1 | 14.00 | 121.00 | 135.00 | OK | |
r-release-windows-x86_64 | 2.3.1 | 17.00 | 141.00 | 158.00 | OK | |
r-oldrel-macos-arm64 | 2.3.1 | 6.00 | 66.00 | 72.00 | OK | |
r-oldrel-macos-x86_64 | 2.3.1 | 12.00 | 123.00 | 135.00 | OK | |
r-oldrel-windows-x86_64 | 2.3.1 | 24.00 | 166.00 | 190.00 | OK |
Version: 2.3.1
Check: HTML version of manual
Result: NOTE
Found the following HTML validation problems:
print.svem_significance_test.html:51:1 (print.svem_significance_test.Rd:12): Warning: missing </ul> before </div>
Flavors: r-devel-linux-x86_64-debian-clang, r-devel-linux-x86_64-debian-gcc