Last updated on 2025-10-27 18:50:27 CET.
| Flavor | Version | Tinstall | Tcheck | Ttotal | Status | Flags |
|---|---|---|---|---|---|---|
| r-devel-linux-x86_64-debian-clang | 0.1.0 | 4.68 | 42.04 | 46.72 | NOTE | |
| r-devel-linux-x86_64-debian-gcc | 0.1.0 | 3.31 | 30.00 | 33.31 | NOTE | |
| r-devel-linux-x86_64-fedora-clang | 0.1.0 | 11.00 | 59.72 | 70.72 | OK | |
| r-devel-linux-x86_64-fedora-gcc | 0.1.0 | 10.00 | 59.58 | 69.58 | OK | |
| r-devel-windows-x86_64 | 0.1.0 | 6.00 | 58.00 | 64.00 | OK | |
| r-patched-linux-x86_64 | 0.1.0 | 3.44 | 39.13 | 42.57 | OK | |
| r-release-linux-x86_64 | 0.1.0 | 4.65 | 38.83 | 43.48 | OK | |
| r-release-macos-arm64 | 0.1.0 | 2.00 | 22.00 | 24.00 | OK | |
| r-release-macos-x86_64 | 0.1.0 | 3.00 | 47.00 | 50.00 | OK | |
| r-release-windows-x86_64 | 0.1.0 | 7.00 | 61.00 | 68.00 | OK | |
| r-oldrel-macos-arm64 | 0.1.0 | 2.00 | 21.00 | 23.00 | OK | |
| r-oldrel-macos-x86_64 | 0.1.0 | 3.00 | 32.00 | 35.00 | OK | |
| r-oldrel-windows-x86_64 | 0.1.0 | 8.00 | 68.00 | 76.00 | OK |
Version: 0.1.0
Check: CRAN incoming feasibility
Result: NOTE
Maintainer: ‘Kathrin Moellenhoff <kathrin.moellenhoff@rub.de>’
No Authors@R field in DESCRIPTION.
Please add one, modifying
Authors@R: person(given = "Kathrin",
family = "Moellenhoff",
role = c("aut", "cre"),
email = "kathrin.moellenhoff@rub.de")
as necessary.
Flavors: r-devel-linux-x86_64-debian-clang, r-devel-linux-x86_64-debian-gcc