Last updated on 2025-10-21 17:50:02 CEST.
Flavor | Version | Tinstall | Tcheck | Ttotal | Status | Flags |
---|---|---|---|---|---|---|
r-devel-linux-x86_64-debian-clang | 9.8.1 | 25.46 | 230.82 | 256.28 | NOTE | |
r-devel-linux-x86_64-debian-gcc | 9.8.1 | 18.99 | 172.00 | 190.99 | NOTE | |
r-devel-linux-x86_64-fedora-clang | 9.8.1 | 57.00 | 339.59 | 396.59 | OK | |
r-devel-linux-x86_64-fedora-gcc | 9.8.1 | 58.00 | 357.08 | 415.08 | OK | |
r-devel-windows-x86_64 | 9.8.1 | 34.00 | 275.00 | 309.00 | OK | |
r-patched-linux-x86_64 | 9.8.1 | 27.42 | 217.90 | 245.32 | OK | |
r-release-linux-x86_64 | 9.8.1 | 23.88 | 218.16 | 242.04 | OK | |
r-release-macos-arm64 | 9.8.1 | 19.00 | 122.00 | 141.00 | OK | |
r-release-macos-x86_64 | 9.8.1 | 34.00 | 241.00 | 275.00 | OK | |
r-release-windows-x86_64 | 9.8.1 | 36.00 | 280.00 | 316.00 | OK | |
r-oldrel-macos-arm64 | 9.8.1 | 18.00 | 118.00 | 136.00 | NOTE | |
r-oldrel-macos-x86_64 | 9.8.1 | 43.00 | 281.00 | 324.00 | NOTE | |
r-oldrel-windows-x86_64 | 9.8.1 | 43.00 | 352.00 | 395.00 | OK |
Version: 9.8.1
Check: HTML version of manual
Result: NOTE
Found the following HTML validation problems:
as.data.frame.SimInf_abc.html:51:1 (as.data.frame.SimInf_abc.Rd:12): Warning: missing </ul> before </div>
as.data.frame.SimInf_events.html:51:1 (as.data.frame.SimInf_events.Rd:12): Warning: missing </ul> before </div>
as.data.frame.SimInf_indiv_events.html:51:1 (as.data.frame.SimInf_indiv_events.Rd:12): Warning: missing </ul> before </div>
plot-SimInf_abc-method.html:56:1 (plot-SimInf_abc-method.Rd:15): Warning: missing </ul> before </div>
plot-SimInf_events-method.html:55:1 (plot-SimInf_events-method.Rd:14): Warning: missing </ul> before </div>
plot-SimInf_indiv_events-method.html:57:1 (plot-SimInf_indiv_events-method.Rd:16): Warning: missing </ul> before </div>
plot-SimInf_pfilter-method.html:62:1 (plot-SimInf_pfilter-method.Rd:21): Warning: missing </ul> before </div>
prevalence.html:92:1 (prevalence.Rd:45): Warning: missing </ul> before </div>
trajectory.html:69:1 (trajectory.Rd:27): Warning: missing </ul> before </div>
Flavors: r-devel-linux-x86_64-debian-clang, r-devel-linux-x86_64-debian-gcc
Version: 9.8.1
Check: installed package size
Result: NOTE
installed size is 7.6Mb
sub-directories of 1Mb or more:
data 2.8Mb
doc 1.0Mb
libs 2.7Mb
Flavors: r-oldrel-macos-arm64, r-oldrel-macos-x86_64