Last updated on 2025-10-24 18:50:08 CEST.
| Flavor | Version | Tinstall | Tcheck | Ttotal | Status | Flags |
|---|---|---|---|---|---|---|
| r-devel-linux-x86_64-debian-clang | 2.0.0 | 18.96 | 118.31 | 137.27 | OK | |
| r-devel-linux-x86_64-debian-gcc | 2.0.0 | 14.77 | 89.06 | 103.83 | OK | |
| r-devel-linux-x86_64-fedora-clang | 2.0.0 | 46.00 | 170.97 | 216.97 | OK | |
| r-devel-linux-x86_64-fedora-gcc | 2.0.0 | 41.00 | 190.39 | 231.39 | OK | |
| r-devel-windows-x86_64 | 2.0.0 | 22.00 | 113.00 | 135.00 | OK | |
| r-patched-linux-x86_64 | 2.0.0 | 17.48 | 110.28 | 127.76 | OK | |
| r-release-linux-x86_64 | 2.0.0 | 18.77 | 109.89 | 128.66 | OK | |
| r-release-macos-arm64 | 2.0.0 | 7.00 | 42.00 | 49.00 | OK | |
| r-release-macos-x86_64 | 2.0.0 | 15.00 | 77.00 | 92.00 | OK | |
| r-release-windows-x86_64 | 2.0.0 | 21.00 | 113.00 | 134.00 | OK | |
| r-oldrel-macos-arm64 | 2.0.0 | 11.00 | 55.00 | 66.00 | NOTE | |
| r-oldrel-macos-x86_64 | 2.0.0 | 18.00 | 74.00 | 92.00 | NOTE | |
| r-oldrel-windows-x86_64 | 2.0.0 | 28.00 | 147.00 | 175.00 | OK |
Version: 2.0.0
Check: installed package size
Result: NOTE
installed size is 5.7Mb
sub-directories of 1Mb or more:
data 5.5Mb
Flavors: r-oldrel-macos-arm64, r-oldrel-macos-x86_64