Last updated on 2025-10-21 17:50:02 CEST.
Flavor | Version | Tinstall | Tcheck | Ttotal | Status | Flags |
---|---|---|---|---|---|---|
r-devel-linux-x86_64-debian-clang | 3.4 | 24.05 | 95.80 | 119.85 | NOTE | |
r-devel-linux-x86_64-debian-gcc | 3.4 | 16.90 | 62.30 | 79.20 | NOTE | |
r-devel-linux-x86_64-fedora-clang | 3.4 | 60.00 | 144.42 | 204.42 | OK | |
r-devel-linux-x86_64-fedora-gcc | 3.4 | 63.00 | 154.12 | 217.12 | OK | |
r-devel-windows-x86_64 | 3.4 | 30.00 | 120.00 | 150.00 | OK | |
r-patched-linux-x86_64 | 3.4 | 25.05 | 90.07 | 115.12 | OK | |
r-release-linux-x86_64 | 3.4 | 23.93 | 89.30 | 113.23 | OK | |
r-release-macos-arm64 | 3.4 | 13.00 | 60.00 | 73.00 | OK | |
r-release-macos-x86_64 | 3.4 | 12.00 | 108.00 | 120.00 | OK | |
r-release-windows-x86_64 | 3.4 | 30.00 | 121.00 | 151.00 | OK | |
r-oldrel-macos-arm64 | 3.4 | 12.00 | 47.00 | 59.00 | OK | |
r-oldrel-macos-x86_64 | 3.4 | 12.00 | 70.00 | 82.00 | OK | |
r-oldrel-windows-x86_64 | 3.4 | 35.00 | 144.00 | 179.00 | OK |
Version: 3.4
Check: CRAN incoming feasibility
Result: NOTE
Maintainer: ‘Daniel Greene <dg333@cam.ac.uk>’
No Authors@R field in DESCRIPTION.
Please add one, modifying
Authors@R: person(given = "Daniel",
family = "Greene",
role = c("aut", "cre"),
email = "dg333@cam.ac.uk")
as necessary.
Flavors: r-devel-linux-x86_64-debian-clang, r-devel-linux-x86_64-debian-gcc
Version: 3.4
Check: HTML version of manual
Result: NOTE
Found the following HTML validation problems:
plot.sim_reg_summary.html:54:1 (plot.sim_reg_summary.Rd:15): Warning: missing </ul> before </div>
plot_term_marginals.html:68:1 (plot_term_marginals.Rd:24): Warning: missing </ul> before </div>
print.sim_reg_output.html:51:1 (print.sim_reg_output.Rd:12): Warning: missing </ul> before </div>
print.sim_reg_summary.html:51:1 (print.sim_reg_summary.Rd:12): Warning: missing </ul> before </div>
sim_reg.html:133:1 (sim_reg.Rd:63): Warning: missing </ul> before </div>
summary.sim_reg_output.html:55:1 (summary.sim_reg_output.Rd:14): Warning: missing </ul> before </div>
Flavors: r-devel-linux-x86_64-debian-clang, r-devel-linux-x86_64-debian-gcc