Last updated on 2025-10-24 18:50:08 CEST.
| Flavor | Version | Tinstall | Tcheck | Ttotal | Status | Flags |
|---|---|---|---|---|---|---|
| r-devel-linux-x86_64-debian-clang | 1.0-6 | 4.06 | 268.37 | 272.43 | NOTE | |
| r-devel-linux-x86_64-debian-gcc | 1.0-6 | 2.82 | 194.16 | 196.98 | NOTE | |
| r-devel-linux-x86_64-fedora-clang | 1.0-6 | 18.00 | 410.63 | 428.63 | OK | |
| r-devel-linux-x86_64-fedora-gcc | 1.0-6 | 26.00 | 413.31 | 439.31 | OK | |
| r-devel-windows-x86_64 | 1.0-6 | 9.00 | 431.00 | 440.00 | OK | |
| r-patched-linux-x86_64 | 1.0-6 | 7.23 | 261.34 | 268.57 | OK | |
| r-release-linux-x86_64 | 1.0-6 | 4.10 | 259.74 | 263.84 | OK | |
| r-release-macos-arm64 | 1.0-6 | 3.00 | 143.00 | 146.00 | OK | |
| r-release-macos-x86_64 | 1.0-6 | 5.00 | 310.00 | 315.00 | OK | |
| r-release-windows-x86_64 | 1.0-6 | 8.00 | 458.00 | 466.00 | OK | |
| r-oldrel-macos-arm64 | 1.0-6 | 3.00 | 117.00 | 120.00 | NOTE | |
| r-oldrel-macos-x86_64 | 1.0-6 | 6.00 | 343.00 | 349.00 | NOTE | |
| r-oldrel-windows-x86_64 | 1.0-6 | 8.00 | 566.00 | 574.00 | NOTE |
Version: 1.0-6
Check: CRAN incoming feasibility
Result: NOTE
Maintainer: ‘Berwin A Turlach <Berwin.Turlach@gmail.com>’
No Authors@R field in DESCRIPTION.
Please add one, modifying
Authors@R: c(person(given = c("Original", "by", "F.L."),
family = "Ramsey",
role = "aut"),
person(given = c("D.W.", "Schafer;", "modifications", "by", "Daniel", "W."),
family = "Schafer",
role = "aut"),
person(given = "Jeannie",
family = "Sifneos",
role = "aut"),
person(given = c("Berwin", "A.", "Turlach;", "vignettes", "contributed", "by", "Nicholas"),
family = "Horton",
role = "aut"),
person(given = "Linda",
family = "Loi",
role = "aut"),
person(given = "Kate",
family = "Aloisio",
role = "aut"),
person(given = "Ruobing",
family = "Zhang",
role = "aut"),
person(given = c("with", "corrections", "by", "Randall"),
family = "Pruim",
role = "aut"),
person(given = c("Berwin", "A"),
family = "Turlach",
role = "cre",
email = "Berwin.Turlach@gmail.com"))
as necessary.
Flavors: r-devel-linux-x86_64-debian-clang, r-devel-linux-x86_64-debian-gcc
Version: 1.0-6
Check: installed package size
Result: NOTE
installed size is 5.9Mb
sub-directories of 1Mb or more:
doc 4.5Mb
Flavors: r-oldrel-macos-arm64, r-oldrel-macos-x86_64, r-oldrel-windows-x86_64