Last updated on 2025-10-21 17:50:02 CEST.
Flavor | Version | Tinstall | Tcheck | Ttotal | Status | Flags |
---|---|---|---|---|---|---|
r-devel-linux-x86_64-debian-clang | 1.0.0 | 15.32 | 136.97 | 152.29 | NOTE | |
r-devel-linux-x86_64-debian-gcc | 1.0.0 | 9.24 | 89.69 | 98.93 | NOTE | |
r-devel-linux-x86_64-fedora-clang | 1.0.0 | 36.00 | 199.82 | 235.82 | OK | |
r-devel-linux-x86_64-fedora-gcc | 1.0.0 | 83.00 | 155.69 | 238.69 | OK | |
r-devel-windows-x86_64 | 1.0.0 | 17.00 | 133.00 | 150.00 | OK | |
r-patched-linux-x86_64 | 1.0.0 | 18.05 | 129.14 | 147.19 | OK | |
r-release-linux-x86_64 | 1.0.0 | 13.46 | 128.79 | 142.25 | OK | |
r-release-macos-arm64 | 1.0.0 | 6.00 | 51.00 | 57.00 | OK | |
r-release-macos-x86_64 | 1.0.0 | 15.00 | 112.00 | 127.00 | OK | |
r-release-windows-x86_64 | 1.0.0 | 19.00 | 138.00 | 157.00 | OK | |
r-oldrel-macos-arm64 | 1.0.0 | 6.00 | 59.00 | 65.00 | OK | |
r-oldrel-macos-x86_64 | 1.0.0 | 15.00 | 115.00 | 130.00 | OK | |
r-oldrel-windows-x86_64 | 1.0.0 | 25.00 | 179.00 | 204.00 | OK |
Version: 1.0.0
Check: HTML version of manual
Result: NOTE
Found the following HTML validation problems:
Boxplot-methods.html:147:1 (Boxplot-methods.Rd:93): Warning: <h4> anchor "Defaults" already defined
OMs-methods.html:83:1 (OMs-methods.Rd:46): Warning: <h4> anchor "Factors" already defined
OMs-methods.html:98:1 (OMs-methods.Rd:59): Warning: <h4> anchor "Design" already defined
OMs-methods.html:107:1 (OMs-methods.Rd:66): Warning: <h4> anchor "Preset" already defined
Flavors: r-devel-linux-x86_64-debian-clang, r-devel-linux-x86_64-debian-gcc