Last updated on 2025-10-21 17:50:03 CEST.
Flavor | Version | Tinstall | Tcheck | Ttotal | Status | Flags |
---|---|---|---|---|---|---|
r-devel-linux-x86_64-debian-clang | 0.1.7 | 6.02 | 43.49 | 49.51 | NOTE | |
r-devel-linux-x86_64-debian-gcc | 0.1.7 | 3.51 | 31.69 | 35.20 | NOTE | |
r-devel-linux-x86_64-fedora-clang | 0.1.7 | 15.00 | 60.71 | 75.71 | OK | |
r-devel-linux-x86_64-fedora-gcc | 0.1.7 | 11.00 | 59.75 | 70.75 | OK | |
r-devel-windows-x86_64 | 0.1.7 | 6.00 | 62.00 | 68.00 | OK | |
r-patched-linux-x86_64 | 0.1.7 | 3.92 | 40.69 | 44.61 | OK | |
r-release-linux-x86_64 | 0.1.7 | 6.38 | 40.37 | 46.75 | OK | |
r-release-macos-arm64 | 0.1.7 | 3.00 | 23.00 | 26.00 | OK | |
r-release-macos-x86_64 | 0.1.7 | 5.00 | 40.00 | 45.00 | OK | |
r-release-windows-x86_64 | 0.1.7 | 7.00 | 63.00 | 70.00 | OK | |
r-oldrel-macos-arm64 | 0.1.7 | 2.00 | 22.00 | 24.00 | OK | |
r-oldrel-macos-x86_64 | 0.1.7 | 4.00 | 33.00 | 37.00 | OK | |
r-oldrel-windows-x86_64 | 0.1.7 | 8.00 | 73.00 | 81.00 | OK |
Version: 0.1.7
Check: HTML version of manual
Result: NOTE
Found the following HTML validation problems:
RMSE.html:54:1 (RMSE.Rd:14): Warning: missing </ul> before </div>
plot.fitSHP.html:51:1 (plot.fitSHP.Rd:12): Warning: missing </ul> before </div>
predict.fitSHP.html:63:1 (predict.fitSHP.Rd:18): Warning: missing </ul> before </div>
Flavors: r-devel-linux-x86_64-debian-clang, r-devel-linux-x86_64-debian-gcc