Last updated on 2025-10-21 17:50:03 CEST.
Flavor | Version | Tinstall | Tcheck | Ttotal | Status | Flags |
---|---|---|---|---|---|---|
r-devel-linux-x86_64-debian-clang | 1.0.4 | 46.51 | 216.47 | 262.98 | OK | |
r-devel-linux-x86_64-debian-gcc | 1.0.4 | 29.61 | 148.28 | 177.89 | OK | |
r-devel-linux-x86_64-fedora-clang | 1.0.4 | 98.00 | 328.83 | 426.83 | OK | |
r-devel-linux-x86_64-fedora-gcc | 1.0.4 | 105.00 | 295.95 | 400.95 | OK | |
r-devel-windows-x86_64 | 1.0.4 | 51.00 | 213.00 | 264.00 | OK | |
r-patched-linux-x86_64 | 1.0.4 | 43.97 | 198.76 | 242.73 | OK | |
r-release-linux-x86_64 | 1.0.4 | 44.99 | 198.60 | 243.59 | OK | |
r-release-macos-arm64 | 1.0.4 | 17.00 | 74.00 | 91.00 | OK | |
r-release-macos-x86_64 | 1.0.4 | 33.00 | 146.00 | 179.00 | OK | |
r-release-windows-x86_64 | 1.0.4 | 49.00 | 209.00 | 258.00 | OK | |
r-oldrel-macos-arm64 | 1.0.4 | 20.00 | 81.00 | 101.00 | NOTE | |
r-oldrel-macos-x86_64 | 46.00 | 160.00 | 206.00 | NOTE | ||
r-oldrel-windows-x86_64 | 1.0.4 | 68.00 | 282.00 | 350.00 | NOTE |
Version: 1.0.4
Check: installed package size
Result: NOTE
installed size is 8.3Mb
sub-directories of 1Mb or more:
extdata 5.9Mb
libs 2.0Mb
Flavors: r-oldrel-macos-arm64, r-oldrel-macos-x86_64, r-oldrel-windows-x86_64