CRAN Package Check Results for Package SpatialTools

Last updated on 2025-10-22 11:51:26 CEST.

Flavor Version Tinstall Tcheck Ttotal Status Flags
r-devel-linux-x86_64-debian-clang 1.0.5 61.96 67.19 129.15 NOTE
r-devel-linux-x86_64-debian-gcc 1.0.5 42.34 50.88 93.22 NOTE
r-devel-linux-x86_64-fedora-clang 1.0.5 118.00 108.16 226.16 OK
r-devel-linux-x86_64-fedora-gcc 1.0.5 119.00 96.55 215.55 OK
r-devel-windows-x86_64 1.0.5 72.00 98.00 170.00 OK
r-patched-linux-x86_64 1.0.5 65.07 65.09 130.16 OK
r-release-linux-x86_64 1.0.5 64.29 65.08 129.37 OK
r-release-macos-arm64 1.0.5 25.00 33.00 58.00 OK
r-release-macos-x86_64 1.0.5 30.00 56.00 86.00 OK
r-release-windows-x86_64 1.0.5 74.00 101.00 175.00 OK
r-oldrel-macos-arm64 1.0.5 24.00 30.00 54.00 OK
r-oldrel-macos-x86_64 1.0.5 24.00 46.00 70.00 OK
r-oldrel-windows-x86_64 1.0.5 84.00 122.00 206.00 OK

Check Details

Version: 1.0.5
Check: CRAN incoming feasibility
Result: NOTE Maintainer: ‘Joshua French <joshua.french@ucdenver.edu>’ No Authors@R field in DESCRIPTION. Please add one, modifying Authors@R: person(given = "Joshua", family = "French", role = c("aut", "cre"), email = "joshua.french@ucdenver.edu") as necessary. Flavors: r-devel-linux-x86_64-debian-clang, r-devel-linux-x86_64-debian-gcc