CRAN Package Check Results for Package StabilizedRegression

Last updated on 2025-10-21 11:53:40 CEST.

Flavor Version Tinstall Tcheck Ttotal Status Flags
r-devel-linux-x86_64-debian-clang 1.1 11.84 97.85 109.69 NOTE
r-devel-linux-x86_64-debian-gcc 1.1 7.71 68.05 75.76 NOTE
r-devel-linux-x86_64-fedora-clang 1.1 170.33 NOTE
r-devel-linux-x86_64-fedora-gcc 1.1 24.00 141.57 165.57 NOTE
r-devel-windows-x86_64 1.1 13.00 96.00 109.00 NOTE
r-patched-linux-x86_64 1.1 10.66 92.24 102.90 NOTE
r-release-linux-x86_64 1.1 10.16 92.71 102.87 NOTE
r-release-macos-arm64 1.1 43.00 NOTE
r-release-macos-x86_64 1.1 10.00 74.00 84.00 NOTE
r-release-windows-x86_64 1.1 13.00 96.00 109.00 NOTE
r-oldrel-macos-arm64 1.1 44.00 NOTE
r-oldrel-macos-x86_64 1.1 113.00 NOTE
r-oldrel-windows-x86_64 1.1 17.00 123.00 140.00 NOTE

Check Details

Version: 1.1
Check: CRAN incoming feasibility
Result: NOTE Maintainer: ‘Niklas Pfister <np@math.ku.dk>’ The Description field contains <arXiv:1911.01850>. The procedure uses averaging to estimate a Please refer to arXiv e-prints via their arXiv DOI <doi:10.48550/arXiv.YYMM.NNNNN>. Flavors: r-devel-linux-x86_64-debian-clang, r-devel-linux-x86_64-debian-gcc

Version: 1.1
Check: Rd files
Result: NOTE checkRd: (-1) SRanalysis.Rd:100: Lost braces 100 | P. B{\"u}hlmann (2019). Stabilizing Variable Selection and | ^ checkRd: (-1) StabilizedRegression.Rd:109: Lost braces 109 | P. B{\"u}hlmann (2019). Stabilizing Variable Selection and | ^ Flavors: r-devel-linux-x86_64-debian-clang, r-devel-linux-x86_64-debian-gcc, r-devel-linux-x86_64-fedora-clang, r-devel-linux-x86_64-fedora-gcc, r-devel-windows-x86_64, r-patched-linux-x86_64, r-release-linux-x86_64, r-release-macos-arm64, r-release-macos-x86_64, r-release-windows-x86_64, r-oldrel-macos-arm64, r-oldrel-macos-x86_64, r-oldrel-windows-x86_64

Version: 1.1
Check: HTML version of manual
Result: NOTE Found the following HTML validation problems: linear_regressor.html:143:1 (linear_regressor.Rd:85): Warning: <h5> anchor "Usage" already defined linear_regressor.html:149:1 (linear_regressor.Rd:89): Warning: <h5> anchor "Arguments" already defined linear_regressor.html:168:1 (linear_regressor.Rd:102): Warning: <h5> anchor "Returns" already defined linear_regressor.html:185:1 (linear_regressor.Rd:111): Warning: <h5> anchor "Usage" already defined linear_regressor.html:191:1 (linear_regressor.Rd:115): Warning: <h5> anchor "Arguments" already defined linear_regressor.html:204:1 (linear_regressor.Rd:122): Warning: <h5> anchor "Returns" already defined linear_regressor.html:221:1 (linear_regressor.Rd:131): Warning: <h5> anchor "Usage" already defined linear_regressor.html:227:1 (linear_regressor.Rd:135): Warning: <h5> anchor "Arguments" already defined Flavors: r-devel-linux-x86_64-debian-clang, r-devel-linux-x86_64-debian-gcc